
--
-- Table structure for table `pf_emplacements`
--

CREATE TABLE `pf_emplacements` (
  `id` bigint unsigned NOT NULL AUTO_INCREMENT,
  `created_at` timestamp NULL DEFAULT NULL,
  `updated_at` timestamp NULL DEFAULT NULL,
  `nom` varchar(255) CHARACTER SET utf8mb4 COLLATE utf8mb4_unicode_ci NOT NULL,
  `prix` decimal(8,2) DEFAULT NULL,
  `notes` text CHARACTER SET utf8mb4 COLLATE utf8mb4_unicode_ci,
  PRIMARY KEY (`id`)
) ENGINE=InnoDB AUTO_INCREMENT=63 DEFAULT CHARSET=utf8mb4 COLLATE=utf8mb4_unicode_ci;

--
-- Dumping data for table `pf_emplacements`
--

INSERT INTO `pf_emplacements` VALUES (1,'2025-02-04 17:02:23','2025-02-17 12:06:36','Mauléon',48.00,'Par mois réglé en CHQ\r\nNfos'),(2,'2025-02-04 17:02:23','2025-02-11 14:03:59','Tardets',10.00,'Par soirée'),(3,'2025-02-04 17:02:23','2025-02-04 17:02:23','Saint-Palais',20.00,NULL),(46,'2025-02-05 09:06:37','2025-02-11 14:07:20','Navarrenx',NULL,'1,20€ par mètre linéaire et par présence\r\n6m de long 2x par semaine soit 14,40€ par semaine de présence.\r\nMardi soir Parking\r\nMercredi Marché'),(49,'2025-02-08 12:54:49','2025-02-16 09:25:41','Abense-De-Bas',NULL,NULL),(62,'2025-03-02 14:34:50','2025-03-02 14:34:50','Événement',NULL,'Place non régulière, événement probable remonté depuis tableau-excel');

--
-- Table structure for table `pf_extras`
--

CREATE TABLE `pf_extras` (
  `id` bigint unsigned NOT NULL AUTO_INCREMENT,
  `created_at` timestamp NULL DEFAULT NULL,
  `updated_at` timestamp NULL DEFAULT NULL,
  `nom` varchar(255) CHARACTER SET utf8mb4 COLLATE utf8mb4_unicode_ci NOT NULL,
  `notes` text CHARACTER SET utf8mb4 COLLATE utf8mb4_unicode_ci,
  PRIMARY KEY (`id`)
) ENGINE=InnoDB AUTO_INCREMENT=60 DEFAULT CHARSET=utf8mb4 COLLATE=utf8mb4_unicode_ci;

--
-- Dumping data for table `pf_extras`
--

INSERT INTO `pf_extras` VALUES (1,'2025-02-04 17:02:23','2025-02-04 17:02:23','EAU',NULL),(2,'2025-02-04 17:02:23','2025-02-04 17:02:23','SODA',NULL),(3,'2025-02-04 17:02:23','2025-02-04 17:02:23','PATISSERIE',NULL);

--
-- Table structure for table `pf_failed_jobs`
--

CREATE TABLE `pf_failed_jobs` (
  `id` bigint unsigned NOT NULL AUTO_INCREMENT,
  `uuid` varchar(255) CHARACTER SET utf8mb4 COLLATE utf8mb4_unicode_ci NOT NULL,
  `connection` text CHARACTER SET utf8mb4 COLLATE utf8mb4_unicode_ci NOT NULL,
  `queue` text CHARACTER SET utf8mb4 COLLATE utf8mb4_unicode_ci NOT NULL,
  `payload` longtext CHARACTER SET utf8mb4 COLLATE utf8mb4_unicode_ci NOT NULL,
  `exception` longtext CHARACTER SET utf8mb4 COLLATE utf8mb4_unicode_ci NOT NULL,
  `failed_at` timestamp NOT NULL DEFAULT CURRENT_TIMESTAMP,
  PRIMARY KEY (`id`),
  UNIQUE KEY `failed_jobs_uuid_unique` (`uuid`)
) ENGINE=InnoDB DEFAULT CHARSET=utf8mb4 COLLATE=utf8mb4_unicode_ci;

--
-- Dumping data for table `pf_failed_jobs`
--


--
-- Table structure for table `pf_fecs`
--

CREATE TABLE `pf_fecs` (
  `id` bigint unsigned NOT NULL AUTO_INCREMENT,
  `created_at` timestamp NULL DEFAULT NULL,
  `updated_at` timestamp NULL DEFAULT NULL,
  `date` timestamp NOT NULL,
  `fichier` varchar(255) COLLATE utf8mb4_unicode_ci NOT NULL,
  `content` text COLLATE utf8mb4_unicode_ci NOT NULL,
  `annee` char(4) COLLATE utf8mb4_unicode_ci NOT NULL,
  `mois_start` char(2) COLLATE utf8mb4_unicode_ci NOT NULL,
  `mois_end` char(2) COLLATE utf8mb4_unicode_ci NOT NULL,
  PRIMARY KEY (`id`)
) ENGINE=InnoDB AUTO_INCREMENT=8 DEFAULT CHARSET=utf8mb4 COLLATE=utf8mb4_unicode_ci;

--
-- Dumping data for table `pf_fecs`
--

INSERT INTO `pf_fecs` VALUES (1,'2025-08-08 07:49:16','2025-08-08 07:49:16','2025-08-08 07:49:16','SASLOUJAC_898386693_recettes_202507_1754646556.csv','JournalCode|JournalLib|EcritureNum|EcritureDate|CompteNum|CompteLib|CompAuxNum|CompAuxLib|PieceRef|PieceDate|EcritureLib|Debit|Credit|EcritureLet|DateLet|ValidDate|Montantdevise|Idevise\nVE|Ventes|408_44570500|20250704|44570500|\"TVA COLLECTEE 5.50%\"|||408|20250702|\"TVA à 5.5% collectée sur la vente des extras\"|0|0,26|||||\nVE|Ventes|408_44571000|20250704|44571000|\"TVA COLLECTEE 10%\"|||408|20250702|\"TVA à 10% collectée sur la vente des pizzas\"|0|22,23|||||\nREG|Règlements|408_53000000|20250704|53000000|\"REGLEMENTS ESPECES\"|||408|20250702|\"Règlements en espèces\"|45,00|0|||||\nREG|Règlements|408_58020000|20250704|58020000|\"REGLEMENTS CHEQUES\"|||408|20250702|\"Règlements en chèque\"|11,00|0|||||\nREG|Règlements|408_58030000|20250704|58030000|\"REGLEMENTS CARTES BLEUE\"|||408|20250702|\"Règlements en carte bleue\"|193,50|0|||||\nVE|Ventes|408_70111000|20250704|70111000|\"VENTE DE PIZZAS 10% (HT)\"|||408|20250702|\"Vente de pizzas \"|0|222,27|||||\nVE|Ventes|408_70711000|20250704|70711000|\"VENTE DE BOISSONS 5.5% (HT)\"|||408|20250702|\"Vente de boissons\"|0|4,74|||||\nGRA|\"Pizzas Gratuites\"|408_707130|20250704|707130|\"PIZZA GRATUITES\"|||408|20250702|\"Montant des pizzas gratuites\"|0|14,00|||||\nVE|Ventes|406_44570500|20250702|44570500|\"TVA COLLECTEE 5.50%\"|||406|20250702|\"TVA à 5.5% collectée sur la vente des extras\"|0|0,52|||||\nVE|Ventes|406_44571000|20250702|44571000|\"TVA COLLECTEE 10%\"|||406|20250702|\"TVA à 10% collectée sur la vente des pizzas\"|0|34,09|||||\nREG|Règlements|406_53000000|20250702|53000000|\"REGLEMENTS ESPECES\"|||406|20250702|\"Règlements en espèces\"|93,00|0|||||\nREG|Règlements|406_58030000|20250702|58030000|\"REGLEMENTS CARTES BLEUE\"|||406|20250702|\"Règlements en carte bleue\"|292,00|0|||||\nVE|Ventes|406_70111000|20250702|70111000|\"VENTE DE PIZZAS 10% (HT)\"|||406|20250702|\"Vente de pizzas \"|0|340,91|||||\nVE|Ventes|406_70711000|20250702|70711000|\"VENTE DE BOISSONS 5.5% (HT)\"|||406|20250702|\"Vente de boissons\"|0|9,48|||||\nGRA|\"Pizzas Gratuites\"|406_707130|20250702|707130|\"PIZZA GRATUITES\"|||406|20250702|\"Montant des pizzas gratuites\"|0|28,00|||||\nVE|Ventes|409_44571000|20250704|44571000|\"TVA COLLECTEE 10%\"|||409|20250703|\"TVA à 10% collectée sur la vente des pizzas\"|0|57,05|||||\nREG|Règlements|409_53000000|20250704|53000000|\"REGLEMENTS ESPECES\"|||409|20250703|\"Règlements en espèces\"|111,00|0|||||\nREG|Règlements|409_58020000|20250704|58020000|\"REGLEMENTS CHEQUES\"|||409|20250703|\"Règlements en chèque\"|38,00|0|||||\nREG|Règlements|409_58030000|20250704|58030000|\"REGLEMENTS CARTES BLEUE\"|||409|20250703|\"Règlements en carte bleue\"|478,50|0|||||\nVE|Ventes|409_70111000|20250704|70111000|\"VENTE DE PIZZAS 10% (HT)\"|||409|20250703|\"Vente de pizzas \"|0|570,45|||||\nGRA|\"Pizzas Gratuites\"|409_707130|20250704|707130|\"PIZZA GRATUITES\"|||409|20250703|\"Montant des pizzas gratuites\"|0|14,00|||||\nVE|Ventes|410_44570500|20250705|44570500|\"TVA COLLECTEE 5.50%\"|||410|20250704|\"TVA à 5.5% collectée sur la vente des extras\"|0|0,05|||||\nVE|Ventes|410_44571000|20250705|44571000|\"TVA COLLECTEE 10%\"|||410|20250704|\"TVA à 10% collectée sur la vente des pizzas\"|0|31,27|||||\nREG|Règlements|410_53000000|20250705|53000000|\"REGLEMENTS ESPECES\"|||410|20250704|\"Règlements en espèces\"|90,50|0|||||\nREG|Règlements|410_58020000|20250705|58020000|\"REGLEMENTS CHEQUES\"|||410|20250704|\"Règlements en chèque\"|24,00|0|||||\nREG|Règlements|410_58030000|20250705|58030000|\"REGLEMENTS CARTES BLEUE\"|||410|20250704|\"Règlements en carte bleue\"|230,50|0|||||\nVE|Ventes|410_70111000|20250705|70111000|\"VENTE DE PIZZAS 10% (HT)\"|||410|20250704|\"Vente de pizzas \"|0|312,73|||||\nVE|Ventes|410_70711000|20250705|70711000|\"VENTE DE BOISSONS 5.5% (HT)\"|||410|20250704|\"Vente de boissons\"|0|0,95|||||\nGRA|\"Pizzas Gratuites\"|410_707130|20250705|707130|\"PIZZA GRATUITES\"|||410|20250704|\"Montant des pizzas gratuites\"|0|14,00|||||\nVE|Ventes|411_44571000|20250708|44571000|\"TVA COLLECTEE 10%\"|||411|20250705|\"TVA à 10% collectée sur la vente des pizzas\"|0|32,64|||||\nREG|Règlements|411_53000000|20250708|53000000|\"REGLEMENTS ESPECES\"|||411|20250705|\"Règlements en espèces\"|205,00|0|||||\nREG|Règlements|411_58030000|20250708|58030000|\"REGLEMENTS CARTES BLEUE\"|||411|20250705|\"Règlements en carte bleue\"|154,00|0|||||\nVE|Ventes|411_70111000|20250708|70111000|\"VENTE DE PIZZAS 10% (HT)\"|||411|20250705|\"Vente de pizzas \"|0|326,36|||||\nGRA|\"Pizzas Gratuites\"|411_707130|20250708|707130|\"PIZZA GRATUITES\"|||411|20250705|\"Montant des pizzas gratuites\"|0|14,00|||||\nVE|Ventes|412_44571000|20250711|44571000|\"TVA COLLECTEE 10%\"|||412|20250708|\"TVA à 10% collectée sur la vente des pizzas\"|0|41,36|||||\nREG|Règlements|412_53000000|20250711|53000000|\"REGLEMENTS ESPECES\"|||412|20250708|\"Règlements en espèces\"|142,50|0|||||\nREG|Règlements|412_58030000|20250711|58030000|\"REGLEMENTS CARTES BLEUE\"|||412|20250708|\"Règlements en carte bleue\"|312,50|0|||||\nVE|Ventes|412_70111000|20250711|70111000|\"VENTE DE PIZZAS 10% (HT)\"|||412|20250708|\"Vente de pizzas \"|0|413,64|||||\nGRA|\"Pizzas Gratuites\"|412_707130|20250711|707130|\"PIZZA GRATUITES\"|||412|20250708|\"Montant des pizzas gratuites\"|0|56,00|||||\nVE|Ventes|413_44570500|20250711|44570500|\"TVA COLLECTEE 5.50%\"|||413|20250709|\"TVA à 5.5% collectée sur la vente des extras\"|0|0,42|||||\nVE|Ventes|413_44571000|20250711|44571000|\"TVA COLLECTEE 10%\"|||413|20250709|\"TVA à 10% collectée sur la vente des pizzas\"|0|30,50|||||\nREG|Règlements|413_53000000|20250711|53000000|\"REGLEMENTS ESPECES\"|||413|20250709|\"Règlements en espèces\"|169,50|0|||||\nREG|Règlements|413_58030000|20250711|58030000|\"REGLEMENTS CARTES BLEUE\"|||413|20250709|\"Règlements en carte bleue\"|174,00|0|||||\nVE|Ventes|413_70111000|20250711|70111000|\"VENTE DE PIZZAS 10% (HT)\"|||413|20250709|\"Vente de pizzas \"|0|305,00|||||\nVE|Ventes|413_70711000|20250711|70711000|\"VENTE DE BOISSONS 5.5% (HT)\"|||413|20250709|\"Vente de boissons\"|0|7,58|||||\nGRA|\"Pizzas Gratuites\"|413_707130|20250711|707130|\"PIZZA GRATUITES\"|||413|20250709|\"Montant des pizzas gratuites\"|0|14,00|||||\nVE|Ventes|414_44570500|20250711|44570500|\"TVA COLLECTEE 5.50%\"|||414|20250709|\"TVA à 5.5% collectée sur la vente des extras\"|0|0,05|||||\nVE|Ventes|414_44571000|20250711|44571000|\"TVA COLLECTEE 10%\"|||414|20250709|\"TVA à 10% collectée sur la vente des pizzas\"|0|13,59|||||\nREG|Règlements|414_53000000|20250711|53000000|\"REGLEMENTS ESPECES\"|||414|20250709|\"Règlements en espèces\"|60,00|0|||||\nREG|Règlements|414_58030000|20250711|58030000|\"REGLEMENTS CARTES BLEUE\"|||414|20250709|\"Règlements en carte bleue\"|90,50|0|||||\nVE|Ventes|414_70111000|20250711|70111000|\"VENTE DE PIZZAS 10% (HT)\"|||414|20250709|\"Vente de pizzas \"|0|135,91|||||\nVE|Ventes|414_70711000|20250711|70711000|\"VENTE DE BOISSONS 5.5% (HT)\"|||414|20250709|\"Vente de boissons\"|0|0,95|||||\nGRA|\"Pizzas Gratuites\"|414_707130|20250711|707130|\"PIZZA GRATUITES\"|||414|20250709|\"Montant des pizzas gratuites\"|0|14,00|||||\nVE|Ventes|415_44571000|20250711|44571000|\"TVA COLLECTEE 10%\"|||415|20250710|\"TVA à 10% collectée sur la vente des pizzas\"|0|104,55|||||\nREG|Règlements|415_53000000|20250711|53000000|\"REGLEMENTS ESPECES\"|||415|20250710|\"Règlements en espèces\"|290,00|0|||||\nREG|Règlements|415_58020000|20250711|58020000|\"REGLEMENTS CHEQUES\"|||415|20250710|\"Règlements en chèque\"|351,50|0|||||\nREG|Règlements|415_58030000|20250711|58030000|\"REGLEMENTS CARTES BLEUE\"|||415|20250710|\"Règlements en carte bleue\"|508,50|0|||||\nVE|Ventes|415_70111000|20250711|70111000|\"VENTE DE PIZZAS 10% (HT)\"|||415|20250710|\"Vente de pizzas \"|0|1045,45|||||\nGRA|\"Pizzas Gratuites\"|415_707130|20250711|707130|\"PIZZA GRATUITES\"|||415|20250710|\"Montant des pizzas gratuites\"|0|56,00|||||\nVE|Ventes|416_44571000|20250711|44571000|\"TVA COLLECTEE 10%\"|||416|20250711|\"TVA à 10% collectée sur la vente des pizzas\"|0|40,77|||||\nREG|Règlements|416_53000000|20250711|53000000|\"REGLEMENTS ESPECES\"|||416|20250711|\"Règlements en espèces\"|203,50|0|||||\nREG|Règlements|416_58020000|20250711|58020000|\"REGLEMENTS CHEQUES\"|||416|20250711|\"Règlements en chèque\"|14,00|0|||||\nREG|Règlements|416_58030000|20250711|58030000|\"REGLEMENTS CARTES BLEUE\"|||416|20250711|\"Règlements en carte bleue\"|231,00|0|||||\nVE|Ventes|416_70111000|20250711|70111000|\"VENTE DE PIZZAS 10% (HT)\"|||416|20250711|\"Vente de pizzas \"|0|407,73|||||\nGRA|\"Pizzas Gratuites\"|416_707130|20250711|707130|\"PIZZA GRATUITES\"|||416|20250711|\"Montant des pizzas gratuites\"|0|28,00|||||\nVE|Ventes|417_44571000|20250716|44571000|\"TVA COLLECTEE 10%\"|||417|20250715|\"TVA à 10% collectée sur la vente des pizzas\"|0|44,41|||||\nREG|Règlements|417_53000000|20250716|53000000|\"REGLEMENTS ESPECES\"|||417|20250715|\"Règlements en espèces\"|242,00|0|||||\nREG|Règlements|417_58030000|20250716|58030000|\"REGLEMENTS CARTES BLEUE\"|||417|20250715|\"Règlements en carte bleue\"|246,50|0|||||\nVE|Ventes|417_70111000|20250716|70111000|\"VENTE DE PIZZAS 10% (HT)\"|||417|20250715|\"Vente de pizzas \"|0|444,09|||||\nGRA|\"Pizzas Gratuites\"|417_707130|20250716|707130|\"PIZZA GRATUITES\"|||417|20250715|\"Montant des pizzas gratuites\"|0|56,00|||||\nVE|Ventes|418_44570500|20250716|44570500|\"TVA COLLECTEE 5.50%\"|||418|20250716|\"TVA à 5.5% collectée sur la vente des extras\"|0|0,31|||||\nVE|Ventes|418_44571000|20250716|44571000|\"TVA COLLECTEE 10%\"|||418|20250716|\"TVA à 10% collectée sur la vente des pizzas\"|0|32,73|||||\nREG|Règlements|418_53000000|20250716|53000000|\"REGLEMENTS ESPECES\"|||418|20250716|\"Règlements en espèces\"|236,50|0|||||\nREG|Règlements|418_58030000|20250716|58030000|\"REGLEMENTS CARTES BLEUE\"|||418|20250716|\"Règlements en carte bleue\"|129,50|0|||||\nVE|Ventes|418_70111000|20250716|70111000|\"VENTE DE PIZZAS 10% (HT)\"|||418|20250716|\"Vente de pizzas \"|0|327,27|||||\nVE|Ventes|418_70711000|20250716|70711000|\"VENTE DE BOISSONS 5.5% (HT)\"|||418|20250716|\"Vente de boissons\"|0|5,69|||||\nGRA|\"Pizzas Gratuites\"|418_707130|20250716|707130|\"PIZZA GRATUITES\"|||418|20250716|\"Montant des pizzas gratuites\"|0|14,00|||||\nVE|Ventes|419_44571000|20250716|44571000|\"TVA COLLECTEE 10%\"|||419|20250716|\"TVA à 10% collectée sur la vente des pizzas\"|0|29,68|||||\nREG|Règlements|419_53000000|20250716|53000000|\"REGLEMENTS ESPECES\"|||419|20250716|\"Règlements en espèces\"|77,50|0|||||\nREG|Règlements|419_58020000|20250716|58020000|\"REGLEMENTS CHEQUES\"|||419|20250716|\"Règlements en chèque\"|63,50|0|||||\nREG|Règlements|419_58030000|20250716|58030000|\"REGLEMENTS CARTES BLEUE\"|||419|20250716|\"Règlements en carte bleue\"|185,50|0|||||\nVE|Ventes|419_70111000|20250716|70111000|\"VENTE DE PIZZAS 10% (HT)\"|||419|20250716|\"Vente de pizzas \"|0|296,82|||||\nGRA|\"Pizzas Gratuites\"|419_707130|20250716|707130|\"PIZZA GRATUITES\"|||419|20250716|\"Montant des pizzas gratuites\"|0|14,00|||||\nVE|Ventes|420_44570500|20250718|44570500|\"TVA COLLECTEE 5.50%\"|||420|20250717|\"TVA à 5.5% collectée sur la vente des extras\"|0|0,63|||||\nVE|Ventes|420_44571000|20250718|44571000|\"TVA COLLECTEE 10%\"|||420|20250717|\"TVA à 10% collectée sur la vente des pizzas\"|0|85,73|||||\nREG|Règlements|420_53000000|20250718|53000000|\"REGLEMENTS ESPECES\"|||420|20250717|\"Règlements en espèces\"|328,00|0|||||\nREG|Règlements|420_58020000|20250718|58020000|\"REGLEMENTS CHEQUES\"|||420|20250717|\"Règlements en chèque\"|40,00|0|||||\nREG|Règlements|420_58030000|20250718|58030000|\"REGLEMENTS CARTES BLEUE\"|||420|20250717|\"Règlements en carte bleue\"|587,00|0|||||\nVE|Ventes|420_70111000|20250718|70111000|\"VENTE DE PIZZAS 10% (HT)\"|||420|20250717|\"Vente de pizzas \"|0|857,27|||||\nVE|Ventes|420_70711000|20250718|70711000|\"VENTE DE BOISSONS 5.5% (HT)\"|||420|20250717|\"Vente de boissons\"|0|11,37|||||\nGRA|\"Pizzas Gratuites\"|420_707130|20250718|707130|\"PIZZA GRATUITES\"|||420|20250717|\"Montant des pizzas gratuites\"|0|42,00|||||\nVE|Ventes|421_44570500|20250721|44570500|\"TVA COLLECTEE 5.50%\"|||421|20250718|\"TVA à 5.5% collectée sur la vente des extras\"|0|0,10|||||\nVE|Ventes|421_44571000|20250721|44571000|\"TVA COLLECTEE 10%\"|||421|20250718|\"TVA à 10% collectée sur la vente des pizzas\"|0|76,27|||||\nREG|Règlements|421_53000000|20250721|53000000|\"REGLEMENTS ESPECES\"|||421|20250718|\"Règlements en espèces\"|310,00|0|||||\nREG|Règlements|421_58020000|20250721|58020000|\"REGLEMENTS CHEQUES\"|||421|20250718|\"Règlements en chèque\"|14,00|0|||||\nREG|Règlements|421_58030000|20250721|58030000|\"REGLEMENTS CARTES BLEUE\"|||421|20250718|\"Règlements en carte bleue\"|517,00|0|||||\nVE|Ventes|421_70111000|20250721|70111000|\"VENTE DE PIZZAS 10% (HT)\"|||421|20250718|\"Vente de pizzas \"|0|762,73|||||\nVE|Ventes|421_70711000|20250721|70711000|\"VENTE DE BOISSONS 5.5% (HT)\"|||421|20250718|\"Vente de boissons\"|0|1,90|||||\nGRA|\"Pizzas Gratuites\"|421_707130|20250721|707130|\"PIZZA GRATUITES\"|||421|20250718|\"Montant des pizzas gratuites\"|0|98,00|||||\nVE|Ventes|422_44571000|20250721|44571000|\"TVA COLLECTEE 10%\"|||422|20250719|\"TVA à 10% collectée sur la vente des pizzas\"|0|54,00|||||\nREG|Règlements|422_53000000|20250721|53000000|\"REGLEMENTS ESPECES\"|||422|20250719|\"Règlements en espèces\"|252,50|0|||||\nREG|Règlements|422_58030000|20250721|58030000|\"REGLEMENTS CARTES BLEUE\"|||422|20250719|\"Règlements en carte bleue\"|341,50|0|||||\nVE|Ventes|422_70111000|20250721|70111000|\"VENTE DE PIZZAS 10% (HT)\"|||422|20250719|\"Vente de pizzas \"|0|540,00|||||\nGRA|\"Pizzas Gratuites\"|422_707130|20250721|707130|\"PIZZA GRATUITES\"|||422|20250719|\"Montant des pizzas gratuites\"|0|56,00|||||\nVE|Ventes|423_44571000|20250725|44571000|\"TVA COLLECTEE 10%\"|||423|20250722|\"TVA à 10% collectée sur la vente des pizzas\"|0|54,50|||||\nREG|Règlements|423_53000000|20250725|53000000|\"REGLEMENTS ESPECES\"|||423|20250722|\"Règlements en espèces\"|221,50|0|||||\nREG|Règlements|423_58030000|20250725|58030000|\"REGLEMENTS CARTES BLEUE\"|||423|20250722|\"Règlements en carte bleue\"|378,00|0|||||\nVE|Ventes|423_70111000|20250725|70111000|\"VENTE DE PIZZAS 10% (HT)\"|||423|20250722|\"Vente de pizzas \"|0|545,00|||||\nGRA|\"Pizzas Gratuites\"|423_707130|20250725|707130|\"PIZZA GRATUITES\"|||423|20250722|\"Montant des pizzas gratuites\"|0|70,00|||||\nVE|Ventes|424_44570500|20250725|44570500|\"TVA COLLECTEE 5.50%\"|||424|20250723|\"TVA à 5.5% collectée sur la vente des extras\"|0|0,42|||||\nVE|Ventes|424_44571000|20250725|44571000|\"TVA COLLECTEE 10%\"|||424|20250723|\"TVA à 10% collectée sur la vente des pizzas\"|0|29,50|||||\nREG|Règlements|424_53000000|20250725|53000000|\"REGLEMENTS ESPECES\"|||424|20250723|\"Règlements en espèces\"|114,50|0|||||\nREG|Règlements|424_58030000|20250725|58030000|\"REGLEMENTS CARTES BLEUE\"|||424|20250723|\"Règlements en carte bleue\"|218,00|0|||||\nVE|Ventes|424_70111000|20250725|70111000|\"VENTE DE PIZZAS 10% (HT)\"|||424|20250723|\"Vente de pizzas \"|0|295,00|||||\nVE|Ventes|424_70711000|20250725|70711000|\"VENTE DE BOISSONS 5.5% (HT)\"|||424|20250723|\"Vente de boissons\"|0|7,58|||||\nGRA|\"Pizzas Gratuites\"|424_707130|20250725|707130|\"PIZZA GRATUITES\"|||424|20250723|\"Montant des pizzas gratuites\"|0|14,00|||||\nVE|Ventes|425_44571000|20250725|44571000|\"TVA COLLECTEE 10%\"|||425|20250724|\"TVA à 10% collectée sur la vente des pizzas\"|0|75,55|||||\nREG|Règlements|425_53000000|20250725|53000000|\"REGLEMENTS ESPECES\"|||425|20250724|\"Règlements en espèces\"|200,00|0|||||\nREG|Règlements|425_58030000|20250725|58030000|\"REGLEMENTS CARTES BLEUE\"|||425|20250724|\"Règlements en carte bleue\"|631,00|0|||||\nVE|Ventes|425_70111000|20250725|70111000|\"VENTE DE PIZZAS 10% (HT)\"|||425|20250724|\"Vente de pizzas \"|0|755,45|||||\nGRA|\"Pizzas Gratuites\"|425_707130|20250725|707130|\"PIZZA GRATUITES\"|||425|20250724|\"Montant des pizzas gratuites\"|0|56,00|||||\nVE|Ventes|426_44570500|20250727|44570500|\"TVA COLLECTEE 5.50%\"|||426|20250726|\"TVA à 5.5% collectée sur la vente des extras\"|0|1,88|||||\nVE|Ventes|426_44571000|20250727|44571000|\"TVA COLLECTEE 10%\"|||426|20250726|\"TVA à 10% collectée sur la vente des pizzas\"|0|125,64|||||\nREG|Règlements|426_53000000|20250727|53000000|\"REGLEMENTS ESPECES\"|||426|20250726|\"Règlements en espèces\"|640,00|0|||||\nREG|Règlements|426_58030000|20250727|58030000|\"REGLEMENTS CARTES BLEUE\"|||426|20250726|\"Règlements en carte bleue\"|748,00|0|||||\nPAI|Paiements|426_63580000|20250727|63580000|\"PAIEMENT PLACAGES MARCHES\"|||426|20250726|\"Paiement de la place (marché ou autre stationnement)\"|0|30,00|||||\nVE|Ventes|426_70111000|20250727|70111000|\"VENTE DE PIZZAS 10% (HT)\"|||426|20250726|\"Vente de pizzas \"|0|1256,36|||||\nVE|Ventes|426_70711000|20250727|70711000|\"VENTE DE BOISSONS 5.5% (HT)\"|||426|20250726|\"Vente de boissons\"|0|34,12|||||\nGRA|\"Pizzas Gratuites\"|426_707130|20250727|707130|\"PIZZA GRATUITES\"|||426|20250726|\"Montant des pizzas gratuites\"|0|14,00|||||\n','2025','07',''),(2,'2025-09-22 10:40:33','2025-09-22 10:40:33','2025-09-22 10:40:33','SASLOUJAC_898386693_recettes_20250808_1758544833.csv','JournalCode|JournalLib|EcritureNum|EcritureDate|CompteNum|CompteLib|CompAuxNum|CompAuxLib|PieceRef|PieceDate|EcritureLib|Debit|Credit|EcritureLet|DateLet|ValidDate|Montantdevise|Idevise\nVE|Ventes|428_44570500|20250808|44570500|\"TVA COLLECTEE 5.50%\"|||428|20250806|\"TVA à 5.5% collectée sur la vente des extras\"|0|0,26|||||\nVE|Ventes|428_44571000|20250808|44571000|\"TVA COLLECTEE 10%\"|||428|20250806|\"TVA à 10% collectée sur la vente des pizzas\"|0|45,68|||||\nREG|Règlements|428_53000000|20250808|53000000|\"REGLEMENTS ESPECES\"|||428|20250806|\"Règlements en espèces\"|128,50|0|||||\nREG|Règlements|428_58030000|20250808|58030000|\"REGLEMENTS CARTES BLEUE\"|||428|20250806|\"Règlements en carte bleue\"|379,00|0|||||\nVE|Ventes|428_70111000|20250808|70111000|\"VENTE DE PIZZAS 10% (HT)\"|||428|20250806|\"Vente de pizzas \"|0|456,82|||||\nVE|Ventes|428_70711000|20250808|70711000|\"VENTE DE BOISSONS 5.5% (HT)\"|||428|20250806|\"Vente de boissons\"|0|4,74|||||\nGRA|\"Pizzas Gratuites\"|428_707130|20250808|707130|\"PIZZA GRATUITES\"|||428|20250806|\"Montant des pizzas gratuites\"|0|28,00|||||\nVE|Ventes|427_44571000|20250808|44571000|\"TVA COLLECTEE 10%\"|||427|20250806|\"TVA à 10% collectée sur la vente des pizzas\"|0|24,45|||||\nREG|Règlements|427_53000000|20250808|53000000|\"REGLEMENTS ESPECES\"|||427|20250806|\"Règlements en espèces\"|50,00|0|||||\nREG|Règlements|427_58030000|20250808|58030000|\"REGLEMENTS CARTES BLEUE\"|||427|20250806|\"Règlements en carte bleue\"|219,00|0|||||\nVE|Ventes|427_70111000|20250808|70111000|\"VENTE DE PIZZAS 10% (HT)\"|||427|20250806|\"Vente de pizzas \"|0|244,55|||||\nGRA|\"Pizzas Gratuites\"|427_707130|20250808|707130|\"PIZZA GRATUITES\"|||427|20250806|\"Montant des pizzas gratuites\"|0|28,00|||||\nVE|Ventes|429_44571000|20250808|44571000|\"TVA COLLECTEE 10%\"|||429|20250807|\"TVA à 10% collectée sur la vente des pizzas\"|0|80,95|||||\nREG|Règlements|429_53000000|20250808|53000000|\"REGLEMENTS ESPECES\"|||429|20250807|\"Règlements en espèces\"|310,00|0|||||\nREG|Règlements|429_58020000|20250808|58020000|\"REGLEMENTS CHEQUES\"|||429|20250807|\"Règlements en chèque\"|78,50|0|||||\nREG|Règlements|429_58030000|20250808|58030000|\"REGLEMENTS CARTES BLEUE\"|||429|20250807|\"Règlements en carte bleue\"|502,00|0|||||\nVE|Ventes|429_70111000|20250808|70111000|\"VENTE DE PIZZAS 10% (HT)\"|||429|20250807|\"Vente de pizzas \"|0|809,55|||||\nGRA|\"Pizzas Gratuites\"|429_707130|20250808|707130|\"PIZZA GRATUITES\"|||429|20250807|\"Montant des pizzas gratuites\"|0|70,00|||||\nVE|Ventes|430_44571000|20250809|44571000|\"TVA COLLECTEE 10%\"|||430|20250808|\"TVA à 10% collectée sur la vente des pizzas\"|0|59,64|||||\nREG|Règlements|430_53000000|20250809|53000000|\"REGLEMENTS ESPECES\"|||430|20250808|\"Règlements en espèces\"|145,50|0|||||\nREG|Règlements|430_58020000|20250809|58020000|\"REGLEMENTS CHEQUES\"|||430|20250808|\"Règlements en chèque\"|99,00|0|||||\nREG|Règlements|430_58030000|20250809|58030000|\"REGLEMENTS CARTES BLEUE\"|||430|20250808|\"Règlements en carte bleue\"|411,50|0|||||\nVE|Ventes|430_70111000|20250809|70111000|\"VENTE DE PIZZAS 10% (HT)\"|||430|20250808|\"Vente de pizzas \"|0|596,36|||||\nGRA|\"Pizzas Gratuites\"|430_707130|20250809|707130|\"PIZZA GRATUITES\"|||430|20250808|\"Montant des pizzas gratuites\"|0|56,00|||||\nVE|Ventes|431_44570500|20250811|44570500|\"TVA COLLECTEE 5.50%\"|||431|20250809|\"TVA à 5.5% collectée sur la vente des extras\"|0|0,10|||||\nVE|Ventes|431_44571000|20250811|44571000|\"TVA COLLECTEE 10%\"|||431|20250809|\"TVA à 10% collectée sur la vente des pizzas\"|0|68,36|||||\nREG|Règlements|431_53000000|20250811|53000000|\"REGLEMENTS ESPECES\"|||431|20250809|\"Règlements en espèces\"|103,50|0|||||\nREG|Règlements|431_58030000|20250811|58030000|\"REGLEMENTS CARTES BLEUE\"|||431|20250809|\"Règlements en carte bleue\"|650,50|0|||||\nVE|Ventes|431_70111000|20250811|70111000|\"VENTE DE PIZZAS 10% (HT)\"|||431|20250809|\"Vente de pizzas \"|0|683,64|||||\nVE|Ventes|431_70711000|20250811|70711000|\"VENTE DE BOISSONS 5.5% (HT)\"|||431|20250809|\"Vente de boissons\"|0|1,90|||||\nVE|Ventes|432_44570500|20250812|44570500|\"TVA COLLECTEE 5.50%\"|||432|20250812|\"TVA à 5.5% collectée sur la vente des extras\"|0|0,21|||||\nVE|Ventes|432_44571000|20250812|44571000|\"TVA COLLECTEE 10%\"|||432|20250812|\"TVA à 10% collectée sur la vente des pizzas\"|0|47,82|||||\nREG|Règlements|432_53000000|20250812|53000000|\"REGLEMENTS ESPECES\"|||432|20250812|\"Règlements en espèces\"|80,00|0|||||\nREG|Règlements|432_58030000|20250812|58030000|\"REGLEMENTS CARTES BLEUE\"|||432|20250812|\"Règlements en carte bleue\"|450,00|0|||||\nVE|Ventes|432_70111000|20250812|70111000|\"VENTE DE PIZZAS 10% (HT)\"|||432|20250812|\"Vente de pizzas \"|0|478,18|||||\nVE|Ventes|432_70711000|20250812|70711000|\"VENTE DE BOISSONS 5.5% (HT)\"|||432|20250812|\"Vente de boissons\"|0|3,79|||||\nGRA|\"Pizzas Gratuites\"|432_707130|20250812|707130|\"PIZZA GRATUITES\"|||432|20250812|\"Montant des pizzas gratuites\"|0|42,00|||||\nVE|Ventes|433_44570500|20250814|44570500|\"TVA COLLECTEE 5.50%\"|||433|20250813|\"TVA à 5.5% collectée sur la vente des extras\"|0|0,10|||||\nVE|Ventes|433_44571000|20250814|44571000|\"TVA COLLECTEE 10%\"|||433|20250813|\"TVA à 10% collectée sur la vente des pizzas\"|0|26,00|||||\nREG|Règlements|433_53000000|20250814|53000000|\"REGLEMENTS ESPECES\"|||433|20250813|\"Règlements en espèces\"|160,00|0|||||\nREG|Règlements|433_58030000|20250814|58030000|\"REGLEMENTS CARTES BLEUE\"|||433|20250813|\"Règlements en carte bleue\"|128,00|0|||||\nVE|Ventes|433_70111000|20250814|70111000|\"VENTE DE PIZZAS 10% (HT)\"|||433|20250813|\"Vente de pizzas \"|0|260,00|||||\nVE|Ventes|433_70711000|20250814|70711000|\"VENTE DE BOISSONS 5.5% (HT)\"|||433|20250813|\"Vente de boissons\"|0|1,90|||||\nVE|Ventes|434_44570500|20250814|44570500|\"TVA COLLECTEE 5.50%\"|||434|20250813|\"TVA à 5.5% collectée sur la vente des extras\"|0|0,21|||||\nVE|Ventes|434_44571000|20250814|44571000|\"TVA COLLECTEE 10%\"|||434|20250813|\"TVA à 10% collectée sur la vente des pizzas\"|0|60,68|||||\nREG|Règlements|434_53000000|20250814|53000000|\"REGLEMENTS ESPECES\"|||434|20250813|\"Règlements en espèces\"|211,50|0|||||\nREG|Règlements|434_58030000|20250814|58030000|\"REGLEMENTS CARTES BLEUE\"|||434|20250813|\"Règlements en carte bleue\"|460,00|0|||||\nVE|Ventes|434_70111000|20250814|70111000|\"VENTE DE PIZZAS 10% (HT)\"|||434|20250813|\"Vente de pizzas \"|0|606,82|||||\nVE|Ventes|434_70711000|20250814|70711000|\"VENTE DE BOISSONS 5.5% (HT)\"|||434|20250813|\"Vente de boissons\"|0|3,79|||||\nGRA|\"Pizzas Gratuites\"|434_707130|20250814|707130|\"PIZZA GRATUITES\"|||434|20250813|\"Montant des pizzas gratuites\"|0|28,00|||||\nVE|Ventes|435_44570500|20250815|44570500|\"TVA COLLECTEE 5.50%\"|||435|20250814|\"TVA à 5.5% collectée sur la vente des extras\"|0|0,10|||||\nVE|Ventes|435_44571000|20250815|44571000|\"TVA COLLECTEE 10%\"|||435|20250814|\"TVA à 10% collectée sur la vente des pizzas\"|0|64,86|||||\nREG|Règlements|435_53000000|20250815|53000000|\"REGLEMENTS ESPECES\"|||435|20250814|\"Règlements en espèces\"|150,00|0|||||\nREG|Règlements|435_58020000|20250815|58020000|\"REGLEMENTS CHEQUES\"|||435|20250814|\"Règlements en chèque\"|14,00|0|||||\nREG|Règlements|435_58030000|20250815|58030000|\"REGLEMENTS CARTES BLEUE\"|||435|20250814|\"Règlements en carte bleue\"|481,50|0|||||\nPAI|Paiements|435_63580000|20250815|63580000|\"PAIEMENT PLACAGES MARCHES\"|||435|20250814|\"Paiement de la place (marché ou autre stationnement)\"|0|70,00|||||\nVE|Ventes|435_70111000|20250815|70111000|\"VENTE DE PIZZAS 10% (HT)\"|||435|20250814|\"Vente de pizzas \"|0|648,64|||||\nVE|Ventes|435_70711000|20250815|70711000|\"VENTE DE BOISSONS 5.5% (HT)\"|||435|20250814|\"Vente de boissons\"|0|1,90|||||\nGRA|\"Pizzas Gratuites\"|435_707130|20250815|707130|\"PIZZA GRATUITES\"|||435|20250814|\"Montant des pizzas gratuites\"|0|28,00|||||\nVE|Ventes|436_44571000|20250823|44571000|\"TVA COLLECTEE 10%\"|||436|20250816|\"TVA à 10% collectée sur la vente des pizzas\"|0|51,86|||||\nREG|Règlements|436_53000000|20250823|53000000|\"REGLEMENTS ESPECES\"|||436|20250816|\"Règlements en espèces\"|180,50|0|||||\nREG|Règlements|436_58020000|20250823|58020000|\"REGLEMENTS CHEQUES\"|||436|20250816|\"Règlements en chèque\"|111,50|0|||||\nREG|Règlements|436_58030000|20250823|58030000|\"REGLEMENTS CARTES BLEUE\"|||436|20250816|\"Règlements en carte bleue\"|278,50|0|||||\nVE|Ventes|436_70111000|20250823|70111000|\"VENTE DE PIZZAS 10% (HT)\"|||436|20250816|\"Vente de pizzas \"|0|518,64|||||\nVE|Ventes|437_44571000|20250823|44571000|\"TVA COLLECTEE 10%\"|||437|20250820|\"TVA à 10% collectée sur la vente des pizzas\"|0|36,82|||||\nREG|Règlements|437_53000000|20250823|53000000|\"REGLEMENTS ESPECES\"|||437|20250820|\"Règlements en espèces\"|165,50|0|||||\nREG|Règlements|437_58030000|20250823|58030000|\"REGLEMENTS CARTES BLEUE\"|||437|20250820|\"Règlements en carte bleue\"|239,50|0|||||\nVE|Ventes|437_70111000|20250823|70111000|\"VENTE DE PIZZAS 10% (HT)\"|||437|20250820|\"Vente de pizzas \"|0|368,18|||||\nGRA|\"Pizzas Gratuites\"|437_707130|20250823|707130|\"PIZZA GRATUITES\"|||437|20250820|\"Montant des pizzas gratuites\"|0|42,00|||||\nVE|Ventes|438_44571000|20250823|44571000|\"TVA COLLECTEE 10%\"|||438|20250821|\"TVA à 10% collectée sur la vente des pizzas\"|0|59,18|||||\nREG|Règlements|438_53000000|20250823|53000000|\"REGLEMENTS ESPECES\"|||438|20250821|\"Règlements en espèces\"|280,00|0|||||\nREG|Règlements|438_58030000|20250823|58030000|\"REGLEMENTS CARTES BLEUE\"|||438|20250821|\"Règlements en carte bleue\"|371,00|0|||||\nVE|Ventes|438_70111000|20250823|70111000|\"VENTE DE PIZZAS 10% (HT)\"|||438|20250821|\"Vente de pizzas \"|0|591,82|||||\nGRA|\"Pizzas Gratuites\"|438_707130|20250823|707130|\"PIZZA GRATUITES\"|||438|20250821|\"Montant des pizzas gratuites\"|0|56,00|||||\nVE|Ventes|439_44570500|20250823|44570500|\"TVA COLLECTEE 5.50%\"|||439|20250822|\"TVA à 5.5% collectée sur la vente des extras\"|0|0,10|||||\nVE|Ventes|439_44571000|20250823|44571000|\"TVA COLLECTEE 10%\"|||439|20250822|\"TVA à 10% collectée sur la vente des pizzas\"|0|46,59|||||\nREG|Règlements|439_53000000|20250823|53000000|\"REGLEMENTS ESPECES\"|||439|20250822|\"Règlements en espèces\"|119,50|0|||||\nREG|Règlements|439_58020000|20250823|58020000|\"REGLEMENTS CHEQUES\"|||439|20250822|\"Règlements en chèque\"|48,00|0|||||\nREG|Règlements|439_58030000|20250823|58030000|\"REGLEMENTS CARTES BLEUE\"|||439|20250822|\"Règlements en carte bleue\"|347,00|0|||||\nVE|Ventes|439_70111000|20250823|70111000|\"VENTE DE PIZZAS 10% (HT)\"|||439|20250822|\"Vente de pizzas \"|0|465,91|||||\nVE|Ventes|439_70711000|20250823|70711000|\"VENTE DE BOISSONS 5.5% (HT)\"|||439|20250822|\"Vente de boissons\"|0|1,90|||||\nGRA|\"Pizzas Gratuites\"|439_707130|20250823|707130|\"PIZZA GRATUITES\"|||439|20250822|\"Montant des pizzas gratuites\"|0|28,00|||||\nVE|Ventes|440_44571000|20250827|44571000|\"TVA COLLECTEE 10%\"|||440|20250826|\"TVA à 10% collectée sur la vente des pizzas\"|0|46,95|||||\nREG|Règlements|440_53000000|20250827|53000000|\"REGLEMENTS ESPECES\"|||440|20250826|\"Règlements en espèces\"|191,50|0|||||\nREG|Règlements|440_58030000|20250827|58030000|\"REGLEMENTS CARTES BLEUE\"|||440|20250826|\"Règlements en carte bleue\"|325,00|0|||||\nVE|Ventes|440_70111000|20250827|70111000|\"VENTE DE PIZZAS 10% (HT)\"|||440|20250826|\"Vente de pizzas \"|0|469,55|||||\nGRA|\"Pizzas Gratuites\"|440_707130|20250827|707130|\"PIZZA GRATUITES\"|||440|20250826|\"Montant des pizzas gratuites\"|0|42,00|||||\nVE|Ventes|441_44570500|20250828|44570500|\"TVA COLLECTEE 5.50%\"|||441|20250827|\"TVA à 5.5% collectée sur la vente des extras\"|0|0,31|||||\nVE|Ventes|441_44571000|20250828|44571000|\"TVA COLLECTEE 10%\"|||441|20250827|\"TVA à 10% collectée sur la vente des pizzas\"|0|15,05|||||\nREG|Règlements|441_53000000|20250828|53000000|\"REGLEMENTS ESPECES\"|||441|20250827|\"Règlements en espèces\"|100,00|0|||||\nREG|Règlements|441_58030000|20250828|58030000|\"REGLEMENTS CARTES BLEUE\"|||441|20250827|\"Règlements en carte bleue\"|71,50|0|||||\nVE|Ventes|441_70111000|20250828|70111000|\"VENTE DE PIZZAS 10% (HT)\"|||441|20250827|\"Vente de pizzas \"|0|150,45|||||\nVE|Ventes|441_70711000|20250828|70711000|\"VENTE DE BOISSONS 5.5% (HT)\"|||441|20250827|\"Vente de boissons\"|0|5,69|||||\nGRA|\"Pizzas Gratuites\"|441_707130|20250828|707130|\"PIZZA GRATUITES\"|||441|20250827|\"Montant des pizzas gratuites\"|0|14,00|||||\nVE|Ventes|442_44570500|20250828|44570500|\"TVA COLLECTEE 5.50%\"|||442|20250827|\"TVA à 5.5% collectée sur la vente des extras\"|0|0,21|||||\nVE|Ventes|442_44571000|20250828|44571000|\"TVA COLLECTEE 10%\"|||442|20250827|\"TVA à 10% collectée sur la vente des pizzas\"|0|38,00|||||\nREG|Règlements|442_53000000|20250828|53000000|\"REGLEMENTS ESPECES\"|||442|20250827|\"Règlements en espèces\"|116,41|0|||||\nREG|Règlements|442_58030000|20250828|58030000|\"REGLEMENTS CARTES BLEUE\"|||442|20250827|\"Règlements en carte bleue\"|305,59|0|||||\nVE|Ventes|442_70111000|20250828|70111000|\"VENTE DE PIZZAS 10% (HT)\"|||442|20250827|\"Vente de pizzas \"|0|380,00|||||\nVE|Ventes|442_70711000|20250828|70711000|\"VENTE DE BOISSONS 5.5% (HT)\"|||442|20250827|\"Vente de boissons\"|0|3,79|||||\nGRA|\"Pizzas Gratuites\"|442_707130|20250828|707130|\"PIZZA GRATUITES\"|||442|20250827|\"Montant des pizzas gratuites\"|0|28,00|||||\nVE|Ventes|445_44571000|20250903|44571000|\"TVA COLLECTEE 10%\"|||445|20250828|\"TVA à 10% collectée sur la vente des pizzas\"|0|84,09|||||\nREG|Règlements|445_53000000|20250903|53000000|\"REGLEMENTS ESPECES\"|||445|20250828|\"Règlements en espèces\"|210,00|0|||||\nREG|Règlements|445_58020000|20250903|58020000|\"REGLEMENTS CHEQUES\"|||445|20250828|\"Règlements en chèque\"|95,00|0|||||\nREG|Règlements|445_58030000|20250903|58030000|\"REGLEMENTS CARTES BLEUE\"|||445|20250828|\"Règlements en carte bleue\"|620,00|0|||||\nVE|Ventes|445_70111000|20250903|70111000|\"VENTE DE PIZZAS 10% (HT)\"|||445|20250828|\"Vente de pizzas \"|0|840,91|||||\nGRA|\"Pizzas Gratuites\"|445_707130|20250903|707130|\"PIZZA GRATUITES\"|||445|20250828|\"Montant des pizzas gratuites\"|0|112,00|||||\nVE|Ventes|446_44571000|20250903|44571000|\"TVA COLLECTEE 10%\"|||446|20250829|\"TVA à 10% collectée sur la vente des pizzas\"|0|75,23|||||\nREG|Règlements|446_53000000|20250903|53000000|\"REGLEMENTS ESPECES\"|||446|20250829|\"Règlements en espèces\"|277,50|0|||||\nREG|Règlements|446_58030000|20250903|58030000|\"REGLEMENTS CARTES BLEUE\"|||446|20250829|\"Règlements en carte bleue\"|550,00|0|||||\nVE|Ventes|446_70111000|20250903|70111000|\"VENTE DE PIZZAS 10% (HT)\"|||446|20250829|\"Vente de pizzas \"|0|752,27|||||\nGRA|\"Pizzas Gratuites\"|446_707130|20250903|707130|\"PIZZA GRATUITES\"|||446|20250829|\"Montant des pizzas gratuites\"|0|42,00|||||\nVE|Ventes|443_44571000|20250903|44571000|\"TVA COLLECTEE 10%\"|||443|20250830|\"TVA à 10% collectée sur la vente des pizzas\"|0|56,27|||||\nREG|Règlements|443_53000000|20250903|53000000|\"REGLEMENTS ESPECES\"|||443|20250830|\"Règlements en espèces\"|134,00|0|||||\nREG|Règlements|443_58020000|20250903|58020000|\"REGLEMENTS CHEQUES\"|||443|20250830|\"Règlements en chèque\"|66,50|0|||||\nREG|Règlements|443_58030000|20250903|58030000|\"REGLEMENTS CARTES BLEUE\"|||443|20250830|\"Règlements en carte bleue\"|418,50|0|||||\nVE|Ventes|443_70111000|20250903|70111000|\"VENTE DE PIZZAS 10% (HT)\"|||443|20250830|\"Vente de pizzas \"|0|562,73|||||\nGRA|\"Pizzas Gratuites\"|443_707130|20250903|707130|\"PIZZA GRATUITES\"|||443|20250830|\"Montant des pizzas gratuites\"|0|42,00|||||\n','2025','08','08'),(3,'2025-10-09 14:58:19','2025-10-09 14:58:19','2025-10-09 14:58:19','SASLOUJAC_898386693_recettes_202509_1760029099.csv','JournalCode|JournalLib|EcritureNum|EcritureDate|CompteNum|CompteLib|CompAuxNum|CompAuxLib|PieceRef|PieceDate|EcritureLib|Debit|Credit|EcritureLet|DateLet|ValidDate|Montantdevise|Idevise\nVE|Ventes|444_44571000|20250903|44571000|\"TVA COLLECTEE 10%\"|||444|20250902|\"TVA à 10% collectée sur la vente des pizzas\"|0|51,23|||||\nREG|Règlements|444_53000000|20250903|53000000|\"REGLEMENTS ESPECES\"|||444|20250902|\"Règlements en espèces\"|195,00|0|||||\nREG|Règlements|444_58030000|20250903|58030000|\"REGLEMENTS CARTES BLEUE\"|||444|20250902|\"Règlements en carte bleue\"|368,50|0|||||\nVE|Ventes|444_70111000|20250903|70111000|\"VENTE DE PIZZAS 10% (HT)\"|||444|20250902|\"Vente de pizzas \"|0|512,27|||||\nGRA|\"Pizzas Gratuites\"|444_707130|20250903|707130|\"PIZZA GRATUITES\"|||444|20250902|\"Montant des pizzas gratuites\"|0|56,00|||||\nVE|Ventes|447_44571000|20250903|44571000|\"TVA COLLECTEE 10%\"|||447|20250903|\"TVA à 10% collectée sur la vente des pizzas\"|0|33,95|||||\nREG|Règlements|447_53000000|20250903|53000000|\"REGLEMENTS ESPECES\"|||447|20250903|\"Règlements en espèces\"|210,00|0|||||\nREG|Règlements|447_58020000|20250903|58020000|\"REGLEMENTS CHEQUES\"|||447|20250903|\"Règlements en chèque\"|19,00|0|||||\nREG|Règlements|447_58030000|20250903|58030000|\"REGLEMENTS CARTES BLEUE\"|||447|20250903|\"Règlements en carte bleue\"|144,50|0|||||\nVE|Ventes|447_70111000|20250903|70111000|\"VENTE DE PIZZAS 10% (HT)\"|||447|20250903|\"Vente de pizzas \"|0|339,55|||||\nGRA|\"Pizzas Gratuites\"|447_707130|20250903|707130|\"PIZZA GRATUITES\"|||447|20250903|\"Montant des pizzas gratuites\"|0|42,00|||||\nVE|Ventes|449_44570500|20250907|44570500|\"TVA COLLECTEE 5.50%\"|||449|20250904|\"TVA à 5.5% collectée sur la vente des extras\"|0|0,31|||||\nVE|Ventes|449_44571000|20250907|44571000|\"TVA COLLECTEE 10%\"|||449|20250904|\"TVA à 10% collectée sur la vente des pizzas\"|0|74,59|||||\nREG|Règlements|449_53000000|20250907|53000000|\"REGLEMENTS ESPECES\"|||449|20250904|\"Règlements en espèces\"|239,50|0|||||\nREG|Règlements|449_58020000|20250907|58020000|\"REGLEMENTS CHEQUES\"|||449|20250904|\"Règlements en chèque\"|106,00|0|||||\nREG|Règlements|449_58030000|20250907|58030000|\"REGLEMENTS CARTES BLEUE\"|||449|20250904|\"Règlements en carte bleue\"|481,00|0|||||\nVE|Ventes|449_70111000|20250907|70111000|\"VENTE DE PIZZAS 10% (HT)\"|||449|20250904|\"Vente de pizzas \"|0|745,91|||||\nVE|Ventes|449_70711000|20250907|70711000|\"VENTE DE BOISSONS 5.5% (HT)\"|||449|20250904|\"Vente de boissons\"|0|5,69|||||\nGRA|\"Pizzas Gratuites\"|449_707130|20250907|707130|\"PIZZA GRATUITES\"|||449|20250904|\"Montant des pizzas gratuites\"|0|98,00|||||\nVE|Ventes|450_44570500|20250907|44570500|\"TVA COLLECTEE 5.50%\"|||450|20250905|\"TVA à 5.5% collectée sur la vente des extras\"|0|0,26|||||\nVE|Ventes|450_44571000|20250907|44571000|\"TVA COLLECTEE 10%\"|||450|20250905|\"TVA à 10% collectée sur la vente des pizzas\"|0|76,18|||||\nREG|Règlements|450_53000000|20250907|53000000|\"REGLEMENTS ESPECES\"|||450|20250905|\"Règlements en espèces\"|190,00|0|||||\nREG|Règlements|450_58020000|20250907|58020000|\"REGLEMENTS CHEQUES\"|||450|20250905|\"Règlements en chèque\"|66,00|0|||||\nREG|Règlements|450_58030000|20250907|58030000|\"REGLEMENTS CARTES BLEUE\"|||450|20250905|\"Règlements en carte bleue\"|587,00|0|||||\nVE|Ventes|450_70111000|20250907|70111000|\"VENTE DE PIZZAS 10% (HT)\"|||450|20250905|\"Vente de pizzas \"|0|761,82|||||\nVE|Ventes|450_70711000|20250907|70711000|\"VENTE DE BOISSONS 5.5% (HT)\"|||450|20250905|\"Vente de boissons\"|0|4,74|||||\nGRA|\"Pizzas Gratuites\"|450_707130|20250907|707130|\"PIZZA GRATUITES\"|||450|20250905|\"Montant des pizzas gratuites\"|0|42,00|||||\nVE|Ventes|451_44570500|20250907|44570500|\"TVA COLLECTEE 5.50%\"|||451|20250906|\"TVA à 5.5% collectée sur la vente des extras\"|0|0,10|||||\nVE|Ventes|451_44571000|20250907|44571000|\"TVA COLLECTEE 10%\"|||451|20250906|\"TVA à 10% collectée sur la vente des pizzas\"|0|76,36|||||\nREG|Règlements|451_53000000|20250907|53000000|\"REGLEMENTS ESPECES\"|||451|20250906|\"Règlements en espèces\"|301,00|0|||||\nREG|Règlements|451_58020000|20250907|58020000|\"REGLEMENTS CHEQUES\"|||451|20250906|\"Règlements en chèque\"|79,50|0|||||\nREG|Règlements|451_58030000|20250907|58030000|\"REGLEMENTS CARTES BLEUE\"|||451|20250906|\"Règlements en carte bleue\"|461,50|0|||||\nVE|Ventes|451_70111000|20250907|70111000|\"VENTE DE PIZZAS 10% (HT)\"|||451|20250906|\"Vente de pizzas \"|0|763,64|||||\nVE|Ventes|451_70711000|20250907|70711000|\"VENTE DE BOISSONS 5.5% (HT)\"|||451|20250906|\"Vente de boissons\"|0|1,90|||||\nGRA|\"Pizzas Gratuites\"|451_707130|20250907|707130|\"PIZZA GRATUITES\"|||451|20250906|\"Montant des pizzas gratuites\"|0|42,00|||||\nVE|Ventes|452_44571000|20250913|44571000|\"TVA COLLECTEE 10%\"|||452|20250909|\"TVA à 10% collectée sur la vente des pizzas\"|0|56,86|||||\nREG|Règlements|452_53000000|20250913|53000000|\"REGLEMENTS ESPECES\"|||452|20250909|\"Règlements en espèces\"|161,00|0|||||\nREG|Règlements|452_58030000|20250913|58030000|\"REGLEMENTS CARTES BLEUE\"|||452|20250909|\"Règlements en carte bleue\"|464,50|0|||||\nVE|Ventes|452_70111000|20250913|70111000|\"VENTE DE PIZZAS 10% (HT)\"|||452|20250909|\"Vente de pizzas \"|0|568,64|||||\nGRA|\"Pizzas Gratuites\"|452_707130|20250913|707130|\"PIZZA GRATUITES\"|||452|20250909|\"Montant des pizzas gratuites\"|0|56,00|||||\nVE|Ventes|453_44570500|20250913|44570500|\"TVA COLLECTEE 5.50%\"|||453|20250910|\"TVA à 5.5% collectée sur la vente des extras\"|0|0,52|||||\nVE|Ventes|453_44571000|20250913|44571000|\"TVA COLLECTEE 10%\"|||453|20250910|\"TVA à 10% collectée sur la vente des pizzas\"|0|35,36|||||\nREG|Règlements|453_53000000|20250913|53000000|\"REGLEMENTS ESPECES\"|||453|20250910|\"Règlements en espèces\"|20,00|0|||||\nREG|Règlements|453_58030000|20250913|58030000|\"REGLEMENTS CARTES BLEUE\"|||453|20250910|\"Règlements en carte bleue\"|379,00|0|||||\nVE|Ventes|453_70111000|20250913|70111000|\"VENTE DE PIZZAS 10% (HT)\"|||453|20250910|\"Vente de pizzas \"|0|353,64|||||\nVE|Ventes|453_70711000|20250913|70711000|\"VENTE DE BOISSONS 5.5% (HT)\"|||453|20250910|\"Vente de boissons\"|0|9,48|||||\nGRA|\"Pizzas Gratuites\"|453_707130|20250913|707130|\"PIZZA GRATUITES\"|||453|20250910|\"Montant des pizzas gratuites\"|0|14,00|||||\nVE|Ventes|454_44570500|20250913|44570500|\"TVA COLLECTEE 5.50%\"|||454|20250911|\"TVA à 5.5% collectée sur la vente des extras\"|0|0,10|||||\nVE|Ventes|454_44571000|20250913|44571000|\"TVA COLLECTEE 10%\"|||454|20250911|\"TVA à 10% collectée sur la vente des pizzas\"|0|87,73|||||\nREG|Règlements|454_53000000|20250913|53000000|\"REGLEMENTS ESPECES\"|||454|20250911|\"Règlements en espèces\"|295,00|0|||||\nREG|Règlements|454_58020000|20250913|58020000|\"REGLEMENTS CHEQUES\"|||454|20250911|\"Règlements en chèque\"|99,50|0|||||\nREG|Règlements|454_58030000|20250913|58030000|\"REGLEMENTS CARTES BLEUE\"|||454|20250911|\"Règlements en carte bleue\"|572,50|0|||||\nVE|Ventes|454_70111000|20250913|70111000|\"VENTE DE PIZZAS 10% (HT)\"|||454|20250911|\"Vente de pizzas \"|0|877,27|||||\nVE|Ventes|454_70711000|20250913|70711000|\"VENTE DE BOISSONS 5.5% (HT)\"|||454|20250911|\"Vente de boissons\"|0|1,90|||||\nGRA|\"Pizzas Gratuites\"|454_707130|20250913|707130|\"PIZZA GRATUITES\"|||454|20250911|\"Montant des pizzas gratuites\"|0|126,00|||||\nVE|Ventes|455_44571000|20250913|44571000|\"TVA COLLECTEE 10%\"|||455|20250912|\"TVA à 10% collectée sur la vente des pizzas\"|0|64,77|||||\nREG|Règlements|455_53000000|20250913|53000000|\"REGLEMENTS ESPECES\"|||455|20250912|\"Règlements en espèces\"|100,50|0|||||\nREG|Règlements|455_58020000|20250913|58020000|\"REGLEMENTS CHEQUES\"|||455|20250912|\"Règlements en chèque\"|69,50|0|||||\nREG|Règlements|455_58030000|20250913|58030000|\"REGLEMENTS CARTES BLEUE\"|||455|20250912|\"Règlements en carte bleue\"|542,50|0|||||\nVE|Ventes|455_70111000|20250913|70111000|\"VENTE DE PIZZAS 10% (HT)\"|||455|20250912|\"Vente de pizzas \"|0|647,73|||||\nGRA|\"Pizzas Gratuites\"|455_707130|20250913|707130|\"PIZZA GRATUITES\"|||455|20250912|\"Montant des pizzas gratuites\"|0|28,00|||||\nVE|Ventes|456_44571000|20250919|44571000|\"TVA COLLECTEE 10%\"|||456|20250916|\"TVA à 10% collectée sur la vente des pizzas\"|0|67,50|||||\nREG|Règlements|456_53000000|20250919|53000000|\"REGLEMENTS ESPECES\"|||456|20250916|\"Règlements en espèces\"|235,50|0|||||\nREG|Règlements|456_58030000|20250919|58030000|\"REGLEMENTS CARTES BLEUE\"|||456|20250916|\"Règlements en carte bleue\"|507,00|0|||||\nVE|Ventes|456_70111000|20250919|70111000|\"VENTE DE PIZZAS 10% (HT)\"|||456|20250916|\"Vente de pizzas \"|0|675,00|||||\nGRA|\"Pizzas Gratuites\"|456_707130|20250919|707130|\"PIZZA GRATUITES\"|||456|20250916|\"Montant des pizzas gratuites\"|0|56,00|||||\nVE|Ventes|457_44570500|20250919|44570500|\"TVA COLLECTEE 5.50%\"|||457|20250917|\"TVA à 5.5% collectée sur la vente des extras\"|0|0,21|||||\nVE|Ventes|457_44571000|20250919|44571000|\"TVA COLLECTEE 10%\"|||457|20250917|\"TVA à 10% collectée sur la vente des pizzas\"|0|20,86|||||\nREG|Règlements|457_53000000|20250919|53000000|\"REGLEMENTS ESPECES\"|||457|20250917|\"Règlements en espèces\"|138,00|0|||||\nREG|Règlements|457_58030000|20250919|58030000|\"REGLEMENTS CARTES BLEUE\"|||457|20250917|\"Règlements en carte bleue\"|95,50|0|||||\nVE|Ventes|457_70111000|20250919|70111000|\"VENTE DE PIZZAS 10% (HT)\"|||457|20250917|\"Vente de pizzas \"|0|208,64|||||\nVE|Ventes|457_70711000|20250919|70711000|\"VENTE DE BOISSONS 5.5% (HT)\"|||457|20250917|\"Vente de boissons\"|0|3,79|||||\nGRA|\"Pizzas Gratuites\"|457_707130|20250919|707130|\"PIZZA GRATUITES\"|||457|20250917|\"Montant des pizzas gratuites\"|0|14,00|||||\nVE|Ventes|458_44571000|20250919|44571000|\"TVA COLLECTEE 10%\"|||458|20250917|\"TVA à 10% collectée sur la vente des pizzas\"|0|25,45|||||\nREG|Règlements|458_53000000|20250919|53000000|\"REGLEMENTS ESPECES\"|||458|20250917|\"Règlements en espèces\"|100,00|0|||||\nREG|Règlements|458_58030000|20250919|58030000|\"REGLEMENTS CARTES BLEUE\"|||458|20250917|\"Règlements en carte bleue\"|180,00|0|||||\nVE|Ventes|458_70111000|20250919|70111000|\"VENTE DE PIZZAS 10% (HT)\"|||458|20250917|\"Vente de pizzas \"|0|254,55|||||\nGRA|\"Pizzas Gratuites\"|458_707130|20250919|707130|\"PIZZA GRATUITES\"|||458|20250917|\"Montant des pizzas gratuites\"|0|14,00|||||\nVE|Ventes|459_44571000|20250919|44571000|\"TVA COLLECTEE 10%\"|||459|20250918|\"TVA à 10% collectée sur la vente des pizzas\"|0|73,36|||||\nREG|Règlements|459_53000000|20250919|53000000|\"REGLEMENTS ESPECES\"|||459|20250918|\"Règlements en espèces\"|149,50|0|||||\nREG|Règlements|459_58020000|20250919|58020000|\"REGLEMENTS CHEQUES\"|||459|20250918|\"Règlements en chèque\"|106,00|0|||||\nREG|Règlements|459_58030000|20250919|58030000|\"REGLEMENTS CARTES BLEUE\"|||459|20250918|\"Règlements en carte bleue\"|501,50|0|||||\nPAI|Paiements|459_63580000|20250919|63580000|\"PAIEMENT PLACAGES MARCHES\"|||459|20250918|\"Paiement de la place (marché ou autre stationnement)\"|0|50,00|||||\nVE|Ventes|459_70111000|20250919|70111000|\"VENTE DE PIZZAS 10% (HT)\"|||459|20250918|\"Vente de pizzas \"|0|733,64|||||\nGRA|\"Pizzas Gratuites\"|459_707130|20250919|707130|\"PIZZA GRATUITES\"|||459|20250918|\"Montant des pizzas gratuites\"|0|84,00|||||\nVE|Ventes|460_44570500|20250924|44570500|\"TVA COLLECTEE 5.50%\"|||460|20250919|\"TVA à 5.5% collectée sur la vente des extras\"|0|0,26|||||\nVE|Ventes|460_44571000|20250924|44571000|\"TVA COLLECTEE 10%\"|||460|20250919|\"TVA à 10% collectée sur la vente des pizzas\"|0|70,77|||||\nREG|Règlements|460_53000000|20250924|53000000|\"REGLEMENTS ESPECES\"|||460|20250919|\"Règlements en espèces\"|200,00|0|||||\nREG|Règlements|460_58020000|20250924|58020000|\"REGLEMENTS CHEQUES\"|||460|20250919|\"Règlements en chèque\"|47,50|0|||||\nREG|Règlements|460_58030000|20250924|58030000|\"REGLEMENTS CARTES BLEUE\"|||460|20250919|\"Règlements en carte bleue\"|536,00|0|||||\nVE|Ventes|460_70111000|20250924|70111000|\"VENTE DE PIZZAS 10% (HT)\"|||460|20250919|\"Vente de pizzas \"|0|707,73|||||\nVE|Ventes|460_70711000|20250924|70711000|\"VENTE DE BOISSONS 5.5% (HT)\"|||460|20250919|\"Vente de boissons\"|0|4,74|||||\nGRA|\"Pizzas Gratuites\"|460_707130|20250924|707130|\"PIZZA GRATUITES\"|||460|20250919|\"Montant des pizzas gratuites\"|0|84,00|||||\nVE|Ventes|461_44571000|20250924|44571000|\"TVA COLLECTEE 10%\"|||461|20250923|\"TVA à 10% collectée sur la vente des pizzas\"|0|67,68|||||\nREG|Règlements|461_53000000|20250924|53000000|\"REGLEMENTS ESPECES\"|||461|20250923|\"Règlements en espèces\"|135,00|0|||||\nREG|Règlements|461_58030000|20250924|58030000|\"REGLEMENTS CARTES BLEUE\"|||461|20250923|\"Règlements en carte bleue\"|609,50|0|||||\nVE|Ventes|461_70111000|20250924|70111000|\"VENTE DE PIZZAS 10% (HT)\"|||461|20250923|\"Vente de pizzas \"|0|676,82|||||\nGRA|\"Pizzas Gratuites\"|461_707130|20250924|707130|\"PIZZA GRATUITES\"|||461|20250923|\"Montant des pizzas gratuites\"|0|140,00|||||\nVE|Ventes|462_44570500|20250924|44570500|\"TVA COLLECTEE 5.50%\"|||462|20250924|\"TVA à 5.5% collectée sur la vente des extras\"|0|0,10|||||\nVE|Ventes|462_44571000|20250924|44571000|\"TVA COLLECTEE 10%\"|||462|20250924|\"TVA à 10% collectée sur la vente des pizzas\"|0|35,50|||||\nREG|Règlements|462_53000000|20250924|53000000|\"REGLEMENTS ESPECES\"|||462|20250924|\"Règlements en espèces\"|305,00|0|||||\nREG|Règlements|462_58030000|20250924|58030000|\"REGLEMENTS CARTES BLEUE\"|||462|20250924|\"Règlements en carte bleue\"|86,00|0|||||\nVE|Ventes|462_70111000|20250924|70111000|\"VENTE DE PIZZAS 10% (HT)\"|||462|20250924|\"Vente de pizzas \"|0|355,00|||||\nVE|Ventes|462_70711000|20250924|70711000|\"VENTE DE BOISSONS 5.5% (HT)\"|||462|20250924|\"Vente de boissons\"|0|1,90|||||\nVE|Ventes|463_44570500|20250924|44570500|\"TVA COLLECTEE 5.50%\"|||463|20250924|\"TVA à 5.5% collectée sur la vente des extras\"|0|0,21|||||\nVE|Ventes|463_44571000|20250924|44571000|\"TVA COLLECTEE 10%\"|||463|20250924|\"TVA à 10% collectée sur la vente des pizzas\"|0|34,77|||||\nREG|Règlements|463_53000000|20250924|53000000|\"REGLEMENTS ESPECES\"|||463|20250924|\"Règlements en espèces\"|300,50|0|||||\nREG|Règlements|463_58030000|20250924|58030000|\"REGLEMENTS CARTES BLEUE\"|||463|20250924|\"Règlements en carte bleue\"|86,00|0|||||\nVE|Ventes|463_70111000|20250924|70111000|\"VENTE DE PIZZAS 10% (HT)\"|||463|20250924|\"Vente de pizzas \"|0|347,73|||||\nVE|Ventes|463_70711000|20250924|70711000|\"VENTE DE BOISSONS 5.5% (HT)\"|||463|20250924|\"Vente de boissons\"|0|3,79|||||\nVE|Ventes|465_44571000|20250928|44571000|\"TVA COLLECTEE 10%\"|||465|20250925|\"TVA à 10% collectée sur la vente des pizzas\"|0|99,73|||||\nREG|Règlements|465_53000000|20250928|53000000|\"REGLEMENTS ESPECES\"|||465|20250925|\"Règlements en espèces\"|520,00|0|||||\nREG|Règlements|465_58020000|20250928|58020000|\"REGLEMENTS CHEQUES\"|||465|20250925|\"Règlements en chèque\"|33,50|0|||||\nREG|Règlements|465_58030000|20250928|58030000|\"REGLEMENTS CARTES BLEUE\"|||465|20250925|\"Règlements en carte bleue\"|543,50|0|||||\nVE|Ventes|465_70111000|20250928|70111000|\"VENTE DE PIZZAS 10% (HT)\"|||465|20250925|\"Vente de pizzas \"|0|997,27|||||\nGRA|\"Pizzas Gratuites\"|465_707130|20250928|707130|\"PIZZA GRATUITES\"|||465|20250925|\"Montant des pizzas gratuites\"|0|70,00|||||\nVE|Ventes|464_44571000|20250928|44571000|\"TVA COLLECTEE 10%\"|||464|20250926|\"TVA à 10% collectée sur la vente des pizzas\"|0|73,41|||||\nREG|Règlements|464_53000000|20250928|53000000|\"REGLEMENTS ESPECES\"|||464|20250926|\"Règlements en espèces\"|144,50|0|||||\nREG|Règlements|464_58020000|20250928|58020000|\"REGLEMENTS CHEQUES\"|||464|20250926|\"Règlements en chèque\"|149,00|0|||||\nREG|Règlements|464_58030000|20250928|58030000|\"REGLEMENTS CARTES BLEUE\"|||464|20250926|\"Règlements en carte bleue\"|514,00|0|||||\nVE|Ventes|464_70111000|20250928|70111000|\"VENTE DE PIZZAS 10% (HT)\"|||464|20250926|\"Vente de pizzas \"|0|734,09|||||\nGRA|\"Pizzas Gratuites\"|464_707130|20250928|707130|\"PIZZA GRATUITES\"|||464|20250926|\"Montant des pizzas gratuites\"|0|56,00|||||\nVE|Ventes|466_44570500|20251002|44570500|\"TVA COLLECTEE 5.50%\"|||466|20250930|\"TVA à 5.5% collectée sur la vente des extras\"|0|0,52|||||\nVE|Ventes|466_44571000|20251002|44571000|\"TVA COLLECTEE 10%\"|||466|20250930|\"TVA à 10% collectée sur la vente des pizzas\"|0|67,77|||||\nREG|Règlements|466_53000000|20251002|53000000|\"REGLEMENTS ESPECES\"|||466|20250930|\"Règlements en espèces\"|326,00|0|||||\nREG|Règlements|466_58030000|20251002|58030000|\"REGLEMENTS CARTES BLEUE\"|||466|20250930|\"Règlements en carte bleue\"|429,50|0|||||\nVE|Ventes|466_70111000|20251002|70111000|\"VENTE DE PIZZAS 10% (HT)\"|||466|20250930|\"Vente de pizzas \"|0|677,73|||||\nVE|Ventes|466_70711000|20251002|70711000|\"VENTE DE BOISSONS 5.5% (HT)\"|||466|20250930|\"Vente de boissons\"|0|9,48|||||\nGRA|\"Pizzas Gratuites\"|466_707130|20251002|707130|\"PIZZA GRATUITES\"|||466|20250930|\"Montant des pizzas gratuites\"|0|14,00|||||\n','2025','09',''),(4,'2025-11-24 13:48:19','2025-11-24 13:48:19','2025-11-24 13:48:19','SASLOUJAC_898386693_recettes_20251010_1763995699.csv','JournalCode|JournalLib|EcritureNum|EcritureDate|CompteNum|CompteLib|CompAuxNum|CompAuxLib|PieceRef|PieceDate|EcritureLib|Debit|Credit|EcritureLet|DateLet|ValidDate|Montantdevise|Idevise\nVE|Ventes|468_44571000|20251002|44571000|\"TVA COLLECTEE 10%\"|||468|20251001|\"TVA à 10% collectée sur la vente des pizzas\"|0|37,91|||||\nREG|Règlements|468_53000000|20251002|53000000|\"REGLEMENTS ESPECES\"|||468|20251001|\"Règlements en espèces\"|144,50|0|||||\nREG|Règlements|468_58020000|20251002|58020000|\"REGLEMENTS CHEQUES\"|||468|20251001|\"Règlements en chèque\"|39,50|0|||||\nREG|Règlements|468_58030000|20251002|58030000|\"REGLEMENTS CARTES BLEUE\"|||468|20251001|\"Règlements en carte bleue\"|233,00|0|||||\nVE|Ventes|468_70111000|20251002|70111000|\"VENTE DE PIZZAS 10% (HT)\"|||468|20251001|\"Vente de pizzas \"|0|379,09|||||\nGRA|\"Pizzas Gratuites\"|468_707130|20251002|707130|\"PIZZA GRATUITES\"|||468|20251001|\"Montant des pizzas gratuites\"|0|42,00|||||\nVE|Ventes|469_44571000|20251002|44571000|\"TVA COLLECTEE 10%\"|||469|20251001|\"TVA à 10% collectée sur la vente des pizzas\"|0|9,82|||||\nREG|Règlements|469_53000000|20251002|53000000|\"REGLEMENTS ESPECES\"|||469|20251001|\"Règlements en espèces\"|108,00|0|||||\nVE|Ventes|469_70111000|20251002|70111000|\"VENTE DE PIZZAS 10% (HT)\"|||469|20251001|\"Vente de pizzas \"|0|98,18|||||\nVE|Ventes|467_44570500|20251002|44570500|\"TVA COLLECTEE 5.50%\"|||467|20251001|\"TVA à 5.5% collectée sur la vente des extras\"|0|0,16|||||\nVE|Ventes|467_44571000|20251002|44571000|\"TVA COLLECTEE 10%\"|||467|20251001|\"TVA à 10% collectée sur la vente des pizzas\"|0|25,18|||||\nREG|Règlements|467_53000000|20251002|53000000|\"REGLEMENTS ESPECES\"|||467|20251001|\"Règlements en espèces\"|170,00|0|||||\nREG|Règlements|467_58030000|20251002|58030000|\"REGLEMENTS CARTES BLEUE\"|||467|20251001|\"Règlements en carte bleue\"|110,00|0|||||\nVE|Ventes|467_70111000|20251002|70111000|\"VENTE DE PIZZAS 10% (HT)\"|||467|20251001|\"Vente de pizzas \"|0|251,82|||||\nVE|Ventes|467_70711000|20251002|70711000|\"VENTE DE BOISSONS 5.5% (HT)\"|||467|20251001|\"Vente de boissons\"|0|2,84|||||\nVE|Ventes|470_44571000|20251004|44571000|\"TVA COLLECTEE 10%\"|||470|20251002|\"TVA à 10% collectée sur la vente des pizzas\"|0|97,32|||||\nREG|Règlements|470_53000000|20251004|53000000|\"REGLEMENTS ESPECES\"|||470|20251002|\"Règlements en espèces\"|309,00|0|||||\nREG|Règlements|470_58020000|20251004|58020000|\"REGLEMENTS CHEQUES\"|||470|20251002|\"Règlements en chèque\"|38,00|0|||||\nREG|Règlements|470_58030000|20251004|58030000|\"REGLEMENTS CARTES BLEUE\"|||470|20251002|\"Règlements en carte bleue\"|723,50|0|||||\nVE|Ventes|470_70111000|20251004|70111000|\"VENTE DE PIZZAS 10% (HT)\"|||470|20251002|\"Vente de pizzas \"|0|973,18|||||\nGRA|\"Pizzas Gratuites\"|470_707130|20251004|707130|\"PIZZA GRATUITES\"|||470|20251002|\"Montant des pizzas gratuites\"|0|70,00|||||\nVE|Ventes|471_44571000|20251004|44571000|\"TVA COLLECTEE 10%\"|||471|20251003|\"TVA à 10% collectée sur la vente des pizzas\"|0|86,86|||||\nREG|Règlements|471_53000000|20251004|53000000|\"REGLEMENTS ESPECES\"|||471|20251003|\"Règlements en espèces\"|269,50|0|||||\nREG|Règlements|471_58020000|20251004|58020000|\"REGLEMENTS CHEQUES\"|||471|20251003|\"Règlements en chèque\"|97,50|0|||||\nREG|Règlements|471_58030000|20251004|58030000|\"REGLEMENTS CARTES BLEUE\"|||471|20251003|\"Règlements en carte bleue\"|588,50|0|||||\nVE|Ventes|471_70111000|20251004|70111000|\"VENTE DE PIZZAS 10% (HT)\"|||471|20251003|\"Vente de pizzas \"|0|868,64|||||\nGRA|\"Pizzas Gratuites\"|471_707130|20251004|707130|\"PIZZA GRATUITES\"|||471|20251003|\"Montant des pizzas gratuites\"|0|98,00|||||\nVE|Ventes|476_44571000|20251013|44571000|\"TVA COLLECTEE 10%\"|||476|20251004|\"TVA à 10% collectée sur la vente des pizzas\"|0|68,91|||||\nREG|Règlements|476_53000000|20251013|53000000|\"REGLEMENTS ESPECES\"|||476|20251004|\"Règlements en espèces\"|231,50|0|||||\nREG|Règlements|476_58020000|20251013|58020000|\"REGLEMENTS CHEQUES\"|||476|20251004|\"Règlements en chèque\"|21,00|0|||||\nREG|Règlements|476_58030000|20251013|58030000|\"REGLEMENTS CARTES BLEUE\"|||476|20251004|\"Règlements en carte bleue\"|505,50|0|||||\nVE|Ventes|476_70111000|20251013|70111000|\"VENTE DE PIZZAS 10% (HT)\"|||476|20251004|\"Vente de pizzas \"|0|689,09|||||\nGRA|\"Pizzas Gratuites\"|476_707130|20251013|707130|\"PIZZA GRATUITES\"|||476|20251004|\"Montant des pizzas gratuites\"|0|98,00|||||\nVE|Ventes|472_44571000|20251013|44571000|\"TVA COLLECTEE 10%\"|||472|20251007|\"TVA à 10% collectée sur la vente des pizzas\"|0|42,00|||||\nREG|Règlements|472_53000000|20251013|53000000|\"REGLEMENTS ESPECES\"|||472|20251007|\"Règlements en espèces\"|161,50|0|||||\nREG|Règlements|472_58020000|20251013|58020000|\"REGLEMENTS CHEQUES\"|||472|20251007|\"Règlements en chèque\"|26,00|0|||||\nREG|Règlements|472_58030000|20251013|58030000|\"REGLEMENTS CARTES BLEUE\"|||472|20251007|\"Règlements en carte bleue\"|274,50|0|||||\nVE|Ventes|472_70111000|20251013|70111000|\"VENTE DE PIZZAS 10% (HT)\"|||472|20251007|\"Vente de pizzas \"|0|420,00|||||\nGRA|\"Pizzas Gratuites\"|472_707130|20251013|707130|\"PIZZA GRATUITES\"|||472|20251007|\"Montant des pizzas gratuites\"|0|84,00|||||\nVE|Ventes|473_44570500|20251013|44570500|\"TVA COLLECTEE 5.50%\"|||473|20251008|\"TVA à 5.5% collectée sur la vente des extras\"|0|0,42|||||\nVE|Ventes|473_44571000|20251013|44571000|\"TVA COLLECTEE 10%\"|||473|20251008|\"TVA à 10% collectée sur la vente des pizzas\"|0|26,59|||||\nREG|Règlements|473_53000000|20251013|53000000|\"REGLEMENTS ESPECES\"|||473|20251008|\"Règlements en espèces\"|145,50|0|||||\nREG|Règlements|473_58030000|20251013|58030000|\"REGLEMENTS CARTES BLEUE\"|||473|20251008|\"Règlements en carte bleue\"|155,00|0|||||\nVE|Ventes|473_70111000|20251013|70111000|\"VENTE DE PIZZAS 10% (HT)\"|||473|20251008|\"Vente de pizzas \"|0|265,91|||||\nVE|Ventes|473_70711000|20251013|70711000|\"VENTE DE BOISSONS 5.5% (HT)\"|||473|20251008|\"Vente de boissons\"|0|7,58|||||\nGRA|\"Pizzas Gratuites\"|473_707130|20251013|707130|\"PIZZA GRATUITES\"|||473|20251008|\"Montant des pizzas gratuites\"|0|28,00|||||\nVE|Ventes|474_44571000|20251013|44571000|\"TVA COLLECTEE 10%\"|||474|20251009|\"TVA à 10% collectée sur la vente des pizzas\"|0|81,91|||||\nREG|Règlements|474_53000000|20251013|53000000|\"REGLEMENTS ESPECES\"|||474|20251009|\"Règlements en espèces\"|277,00|0|||||\nREG|Règlements|474_58020000|20251013|58020000|\"REGLEMENTS CHEQUES\"|||474|20251009|\"Règlements en chèque\"|57,00|0|||||\nREG|Règlements|474_58030000|20251013|58030000|\"REGLEMENTS CARTES BLEUE\"|||474|20251009|\"Règlements en carte bleue\"|567,00|0|||||\nVE|Ventes|474_70111000|20251013|70111000|\"VENTE DE PIZZAS 10% (HT)\"|||474|20251009|\"Vente de pizzas \"|0|819,09|||||\nGRA|\"Pizzas Gratuites\"|474_707130|20251013|707130|\"PIZZA GRATUITES\"|||474|20251009|\"Montant des pizzas gratuites\"|0|70,00|||||\nVE|Ventes|475_44571000|20251013|44571000|\"TVA COLLECTEE 10%\"|||475|20251010|\"TVA à 10% collectée sur la vente des pizzas\"|0|56,41|||||\nREG|Règlements|475_53000000|20251013|53000000|\"REGLEMENTS ESPECES\"|||475|20251010|\"Règlements en espèces\"|128,00|0|||||\nREG|Règlements|475_58020000|20251013|58020000|\"REGLEMENTS CHEQUES\"|||475|20251010|\"Règlements en chèque\"|74,00|0|||||\nREG|Règlements|475_58030000|20251013|58030000|\"REGLEMENTS CARTES BLEUE\"|||475|20251010|\"Règlements en carte bleue\"|418,50|0|||||\nVE|Ventes|475_70111000|20251013|70111000|\"VENTE DE PIZZAS 10% (HT)\"|||475|20251010|\"Vente de pizzas \"|0|564,09|||||\nGRA|\"Pizzas Gratuites\"|475_707130|20251013|707130|\"PIZZA GRATUITES\"|||475|20251010|\"Montant des pizzas gratuites\"|0|28,00|||||\nVE|Ventes|477_44571000|20251017|44571000|\"TVA COLLECTEE 10%\"|||477|20251014|\"TVA à 10% collectée sur la vente des pizzas\"|0|61,00|||||\nREG|Règlements|477_53000000|20251017|53000000|\"REGLEMENTS ESPECES\"|||477|20251014|\"Règlements en espèces\"|177,50|0|||||\nREG|Règlements|477_58030000|20251017|58030000|\"REGLEMENTS CARTES BLEUE\"|||477|20251014|\"Règlements en carte bleue\"|493,50|0|||||\nVE|Ventes|477_70111000|20251017|70111000|\"VENTE DE PIZZAS 10% (HT)\"|||477|20251014|\"Vente de pizzas \"|0|610,00|||||\nGRA|\"Pizzas Gratuites\"|477_707130|20251017|707130|\"PIZZA GRATUITES\"|||477|20251014|\"Montant des pizzas gratuites\"|0|14,00|||||\nVE|Ventes|479_44571000|20251017|44571000|\"TVA COLLECTEE 10%\"|||479|20251015|\"TVA à 10% collectée sur la vente des pizzas\"|0|32,86|||||\nREG|Règlements|479_53000000|20251017|53000000|\"REGLEMENTS ESPECES\"|||479|20251015|\"Règlements en espèces\"|230,50|0|||||\nREG|Règlements|479_58030000|20251017|58030000|\"REGLEMENTS CARTES BLEUE\"|||479|20251015|\"Règlements en carte bleue\"|131,00|0|||||\nVE|Ventes|479_70111000|20251017|70111000|\"VENTE DE PIZZAS 10% (HT)\"|||479|20251015|\"Vente de pizzas \"|0|328,64|||||\nGRA|\"Pizzas Gratuites\"|479_707130|20251017|707130|\"PIZZA GRATUITES\"|||479|20251015|\"Montant des pizzas gratuites\"|0|42,00|||||\nVE|Ventes|478_44570500|20251017|44570500|\"TVA COLLECTEE 5.50%\"|||478|20251015|\"TVA à 5.5% collectée sur la vente des extras\"|0|0,47|||||\nVE|Ventes|478_44571000|20251017|44571000|\"TVA COLLECTEE 10%\"|||478|20251015|\"TVA à 10% collectée sur la vente des pizzas\"|0|19,86|||||\nREG|Règlements|478_53000000|20251017|53000000|\"REGLEMENTS ESPECES\"|||478|20251015|\"Règlements en espèces\"|80,00|0|||||\nREG|Règlements|478_58030000|20251017|58030000|\"REGLEMENTS CARTES BLEUE\"|||478|20251015|\"Règlements en carte bleue\"|147,50|0|||||\nVE|Ventes|478_70111000|20251017|70111000|\"VENTE DE PIZZAS 10% (HT)\"|||478|20251015|\"Vente de pizzas \"|0|198,64|||||\nVE|Ventes|478_70711000|20251017|70711000|\"VENTE DE BOISSONS 5.5% (HT)\"|||478|20251015|\"Vente de boissons\"|0|8,53|||||\nGRA|\"Pizzas Gratuites\"|478_707130|20251017|707130|\"PIZZA GRATUITES\"|||478|20251015|\"Montant des pizzas gratuites\"|0|28,00|||||\nVE|Ventes|480_44570500|20251017|44570500|\"TVA COLLECTEE 5.50%\"|||480|20251016|\"TVA à 5.5% collectée sur la vente des extras\"|0|0,05|||||\nVE|Ventes|480_44571000|20251017|44571000|\"TVA COLLECTEE 10%\"|||480|20251016|\"TVA à 10% collectée sur la vente des pizzas\"|0|86,64|||||\nREG|Règlements|480_53000000|20251017|53000000|\"REGLEMENTS ESPECES\"|||480|20251016|\"Règlements en espèces\"|400,00|0|||||\nREG|Règlements|480_58030000|20251017|58030000|\"REGLEMENTS CARTES BLEUE\"|||480|20251016|\"Règlements en carte bleue\"|554,00|0|||||\nVE|Ventes|480_70111000|20251017|70111000|\"VENTE DE PIZZAS 10% (HT)\"|||480|20251016|\"Vente de pizzas \"|0|866,36|||||\nVE|Ventes|480_70711000|20251017|70711000|\"VENTE DE BOISSONS 5.5% (HT)\"|||480|20251016|\"Vente de boissons\"|0|0,95|||||\nGRA|\"Pizzas Gratuites\"|480_707130|20251017|707130|\"PIZZA GRATUITES\"|||480|20251016|\"Montant des pizzas gratuites\"|0|70,00|||||\nVE|Ventes|481_44570500|20251021|44570500|\"TVA COLLECTEE 5.50%\"|||481|20251017|\"TVA à 5.5% collectée sur la vente des extras\"|0|0,31|||||\nVE|Ventes|481_44571000|20251021|44571000|\"TVA COLLECTEE 10%\"|||481|20251017|\"TVA à 10% collectée sur la vente des pizzas\"|0|70,32|||||\nREG|Règlements|481_53000000|20251021|53000000|\"REGLEMENTS ESPECES\"|||481|20251017|\"Règlements en espèces\"|210,00|0|||||\nREG|Règlements|481_58020000|20251021|58020000|\"REGLEMENTS CHEQUES\"|||481|20251017|\"Règlements en chèque\"|20,50|0|||||\nREG|Règlements|481_58030000|20251021|58030000|\"REGLEMENTS CARTES BLEUE\"|||481|20251017|\"Règlements en carte bleue\"|549,00|0|||||\nVE|Ventes|481_70111000|20251021|70111000|\"VENTE DE PIZZAS 10% (HT)\"|||481|20251017|\"Vente de pizzas \"|0|703,18|||||\nVE|Ventes|481_70711000|20251021|70711000|\"VENTE DE BOISSONS 5.5% (HT)\"|||481|20251017|\"Vente de boissons\"|0|5,69|||||\nGRA|\"Pizzas Gratuites\"|481_707130|20251021|707130|\"PIZZA GRATUITES\"|||481|20251017|\"Montant des pizzas gratuites\"|0|14,00|||||\nVE|Ventes|482_44571000|20251021|44571000|\"TVA COLLECTEE 10%\"|||482|20251018|\"TVA à 10% collectée sur la vente des pizzas\"|0|61,09|||||\nREG|Règlements|482_53000000|20251021|53000000|\"REGLEMENTS ESPECES\"|||482|20251018|\"Règlements en espèces\"|145,00|0|||||\nREG|Règlements|482_58020000|20251021|58020000|\"REGLEMENTS CHEQUES\"|||482|20251018|\"Règlements en chèque\"|32,00|0|||||\nREG|Règlements|482_58030000|20251021|58030000|\"REGLEMENTS CARTES BLEUE\"|||482|20251018|\"Règlements en carte bleue\"|495,00|0|||||\nVE|Ventes|482_70111000|20251021|70111000|\"VENTE DE PIZZAS 10% (HT)\"|||482|20251018|\"Vente de pizzas \"|0|610,91|||||\nGRA|\"Pizzas Gratuites\"|482_707130|20251021|707130|\"PIZZA GRATUITES\"|||482|20251018|\"Montant des pizzas gratuites\"|0|70,00|||||\nVE|Ventes|483_44571000|20251024|44571000|\"TVA COLLECTEE 10%\"|||483|20251021|\"TVA à 10% collectée sur la vente des pizzas\"|0|32,23|||||\nREG|Règlements|483_53000000|20251024|53000000|\"REGLEMENTS ESPECES\"|||483|20251021|\"Règlements en espèces\"|56,00|0|||||\nREG|Règlements|483_58030000|20251024|58030000|\"REGLEMENTS CARTES BLEUE\"|||483|20251021|\"Règlements en carte bleue\"|298,50|0|||||\nVE|Ventes|483_70111000|20251024|70111000|\"VENTE DE PIZZAS 10% (HT)\"|||483|20251021|\"Vente de pizzas \"|0|322,27|||||\nVE|Ventes|484_44570500|20251024|44570500|\"TVA COLLECTEE 5.50%\"|||484|20251022|\"TVA à 5.5% collectée sur la vente des extras\"|0|0,52|||||\nVE|Ventes|484_44571000|20251024|44571000|\"TVA COLLECTEE 10%\"|||484|20251022|\"TVA à 10% collectée sur la vente des pizzas\"|0|22,36|||||\nREG|Règlements|484_53000000|20251024|53000000|\"REGLEMENTS ESPECES\"|||484|20251022|\"Règlements en espèces\"|205,00|0|||||\nREG|Règlements|484_58030000|20251024|58030000|\"REGLEMENTS CARTES BLEUE\"|||484|20251022|\"Règlements en carte bleue\"|51,00|0|||||\nVE|Ventes|484_70111000|20251024|70111000|\"VENTE DE PIZZAS 10% (HT)\"|||484|20251022|\"Vente de pizzas \"|0|223,64|||||\nVE|Ventes|484_70711000|20251024|70711000|\"VENTE DE BOISSONS 5.5% (HT)\"|||484|20251022|\"Vente de boissons\"|0|9,48|||||\nGRA|\"Pizzas Gratuites\"|484_707130|20251024|707130|\"PIZZA GRATUITES\"|||484|20251022|\"Montant des pizzas gratuites\"|0|28,00|||||\nVE|Ventes|485_44571000|20251024|44571000|\"TVA COLLECTEE 10%\"|||485|20251023|\"TVA à 10% collectée sur la vente des pizzas\"|0|98,77|||||\nREG|Règlements|485_53000000|20251024|53000000|\"REGLEMENTS ESPECES\"|||485|20251023|\"Règlements en espèces\"|368,50|0|||||\nREG|Règlements|485_58020000|20251024|58020000|\"REGLEMENTS CHEQUES\"|||485|20251023|\"Règlements en chèque\"|98,50|0|||||\nREG|Règlements|485_58030000|20251024|58030000|\"REGLEMENTS CARTES BLEUE\"|||485|20251023|\"Règlements en carte bleue\"|619,50|0|||||\nVE|Ventes|485_70111000|20251024|70111000|\"VENTE DE PIZZAS 10% (HT)\"|||485|20251023|\"Vente de pizzas \"|0|987,73|||||\nGRA|\"Pizzas Gratuites\"|485_707130|20251024|707130|\"PIZZA GRATUITES\"|||485|20251023|\"Montant des pizzas gratuites\"|0|98,00|||||\nVE|Ventes|486_44571000|20251031|44571000|\"TVA COLLECTEE 10%\"|||486|20251028|\"TVA à 10% collectée sur la vente des pizzas\"|0|60,45|||||\nREG|Règlements|486_53000000|20251031|53000000|\"REGLEMENTS ESPECES\"|||486|20251028|\"Règlements en espèces\"|125,50|0|||||\nREG|Règlements|486_58030000|20251031|58030000|\"REGLEMENTS CARTES BLEUE\"|||486|20251028|\"Règlements en carte bleue\"|539,50|0|||||\nVE|Ventes|486_70111000|20251031|70111000|\"VENTE DE PIZZAS 10% (HT)\"|||486|20251028|\"Vente de pizzas \"|0|604,55|||||\nGRA|\"Pizzas Gratuites\"|486_707130|20251031|707130|\"PIZZA GRATUITES\"|||486|20251028|\"Montant des pizzas gratuites\"|0|70,00|||||\nVE|Ventes|487_44571000|20251031|44571000|\"TVA COLLECTEE 10%\"|||487|20251029|\"TVA à 10% collectée sur la vente des pizzas\"|0|47,82|||||\nREG|Règlements|487_53000000|20251031|53000000|\"REGLEMENTS ESPECES\"|||487|20251029|\"Règlements en espèces\"|108,00|0|||||\nREG|Règlements|487_58020000|20251031|58020000|\"REGLEMENTS CHEQUES\"|||487|20251029|\"Règlements en chèque\"|24,00|0|||||\nREG|Règlements|487_58030000|20251031|58030000|\"REGLEMENTS CARTES BLEUE\"|||487|20251029|\"Règlements en carte bleue\"|394,00|0|||||\nVE|Ventes|487_70111000|20251031|70111000|\"VENTE DE PIZZAS 10% (HT)\"|||487|20251029|\"Vente de pizzas \"|0|478,18|||||\nGRA|\"Pizzas Gratuites\"|487_707130|20251031|707130|\"PIZZA GRATUITES\"|||487|20251029|\"Montant des pizzas gratuites\"|0|14,00|||||\nVE|Ventes|488_44570500|20251031|44570500|\"TVA COLLECTEE 5.50%\"|||488|20251029|\"TVA à 5.5% collectée sur la vente des extras\"|0|0,21|||||\nVE|Ventes|488_44571000|20251031|44571000|\"TVA COLLECTEE 10%\"|||488|20251029|\"TVA à 10% collectée sur la vente des pizzas\"|0|33,36|||||\nREG|Règlements|488_53000000|20251031|53000000|\"REGLEMENTS ESPECES\"|||488|20251029|\"Règlements en espèces\"|134,00|0|||||\nREG|Règlements|488_58020000|20251031|58020000|\"REGLEMENTS CHEQUES\"|||488|20251029|\"Règlements en chèque\"|51,50|0|||||\nREG|Règlements|488_58030000|20251031|58030000|\"REGLEMENTS CARTES BLEUE\"|||488|20251029|\"Règlements en carte bleue\"|185,50|0|||||\nVE|Ventes|488_70111000|20251031|70111000|\"VENTE DE PIZZAS 10% (HT)\"|||488|20251029|\"Vente de pizzas \"|0|333,64|||||\nVE|Ventes|488_70711000|20251031|70711000|\"VENTE DE BOISSONS 5.5% (HT)\"|||488|20251029|\"Vente de boissons\"|0|3,79|||||\nVE|Ventes|489_44570500|20251031|44570500|\"TVA COLLECTEE 5.50%\"|||489|20251030|\"TVA à 5.5% collectée sur la vente des extras\"|0|0,26|||||\nVE|Ventes|489_44571000|20251031|44571000|\"TVA COLLECTEE 10%\"|||489|20251030|\"TVA à 10% collectée sur la vente des pizzas\"|0|89,36|||||\nREG|Règlements|489_53000000|20251031|53000000|\"REGLEMENTS ESPECES\"|||489|20251030|\"Règlements en espèces\"|242,00|0|||||\nREG|Règlements|489_58020000|20251031|58020000|\"REGLEMENTS CHEQUES\"|||489|20251030|\"Règlements en chèque\"|87,50|0|||||\nREG|Règlements|489_58030000|20251031|58030000|\"REGLEMENTS CARTES BLEUE\"|||489|20251030|\"Règlements en carte bleue\"|658,50|0|||||\nVE|Ventes|489_70111000|20251031|70111000|\"VENTE DE PIZZAS 10% (HT)\"|||489|20251030|\"Vente de pizzas \"|0|893,64|||||\nVE|Ventes|489_70711000|20251031|70711000|\"VENTE DE BOISSONS 5.5% (HT)\"|||489|20251030|\"Vente de boissons\"|0|4,74|||||\nGRA|\"Pizzas Gratuites\"|489_707130|20251031|707130|\"PIZZA GRATUITES\"|||489|20251030|\"Montant des pizzas gratuites\"|0|70,00|||||\nVE|Ventes|490_44571000|20251103|44571000|\"TVA COLLECTEE 10%\"|||490|20251031|\"TVA à 10% collectée sur la vente des pizzas\"|0|72,68|||||\nREG|Règlements|490_53000000|20251103|53000000|\"REGLEMENTS ESPECES\"|||490|20251031|\"Règlements en espèces\"|67,50|0|||||\nREG|Règlements|490_58020000|20251103|58020000|\"REGLEMENTS CHEQUES\"|||490|20251031|\"Règlements en chèque\"|308,00|0|||||\nREG|Règlements|490_58030000|20251103|58030000|\"REGLEMENTS CARTES BLEUE\"|||490|20251031|\"Règlements en carte bleue\"|424,00|0|||||\nVE|Ventes|490_70111000|20251103|70111000|\"VENTE DE PIZZAS 10% (HT)\"|||490|20251031|\"Vente de pizzas \"|0|726,82|||||\nGRA|\"Pizzas Gratuites\"|490_707130|20251103|707130|\"PIZZA GRATUITES\"|||490|20251031|\"Montant des pizzas gratuites\"|0|112,00|||||\n','2025','10','10'),(5,'2025-12-22 08:48:43','2025-12-22 08:48:43','2025-12-22 08:48:43','SASLOUJAC_898386693_recettes_20251111_1766396923.csv','JournalCode|JournalLib|EcritureNum|EcritureDate|CompteNum|CompteLib|CompAuxNum|CompAuxLib|PieceRef|PieceDate|EcritureLib|Debit|Credit|EcritureLet|DateLet|ValidDate|Montantdevise|Idevise\nVE|Ventes|491_44571000|20251108|44571000|\"TVA COLLECTEE 10%\"|||491|20251104|\"TVA à 10% collectée sur la vente des pizzas\"|0|49,36|||||\nREG|Règlements|491_53000000|20251108|53000000|\"REGLEMENTS ESPECES\"|||491|20251104|\"Règlements en espèces\"|116,00|0|||||\nREG|Règlements|491_58030000|20251108|58030000|\"REGLEMENTS CARTES BLEUE\"|||491|20251104|\"Règlements en carte bleue\"|427,00|0|||||\nVE|Ventes|491_70111000|20251108|70111000|\"VENTE DE PIZZAS 10% (HT)\"|||491|20251104|\"Vente de pizzas \"|0|493,64|||||\nGRA|\"Pizzas Gratuites\"|491_707130|20251108|707130|\"PIZZA GRATUITES\"|||491|20251104|\"Montant des pizzas gratuites\"|0|42,00|||||\nVE|Ventes|492_44570500|20251108|44570500|\"TVA COLLECTEE 5.50%\"|||492|20251105|\"TVA à 5.5% collectée sur la vente des extras\"|0|0,21|||||\nVE|Ventes|492_44571000|20251108|44571000|\"TVA COLLECTEE 10%\"|||492|20251105|\"TVA à 10% collectée sur la vente des pizzas\"|0|23,32|||||\nREG|Règlements|492_53000000|20251108|53000000|\"REGLEMENTS ESPECES\"|||492|20251105|\"Règlements en espèces\"|95,50|0|||||\nREG|Règlements|492_58020000|20251108|58020000|\"REGLEMENTS CHEQUES\"|||492|20251105|\"Règlements en chèque\"|25,00|0|||||\nREG|Règlements|492_58030000|20251108|58030000|\"REGLEMENTS CARTES BLEUE\"|||492|20251105|\"Règlements en carte bleue\"|140,00|0|||||\nVE|Ventes|492_70111000|20251108|70111000|\"VENTE DE PIZZAS 10% (HT)\"|||492|20251105|\"Vente de pizzas \"|0|233,18|||||\nVE|Ventes|492_70711000|20251108|70711000|\"VENTE DE BOISSONS 5.5% (HT)\"|||492|20251105|\"Vente de boissons\"|0|3,79|||||\nGRA|\"Pizzas Gratuites\"|492_707130|20251108|707130|\"PIZZA GRATUITES\"|||492|20251105|\"Montant des pizzas gratuites\"|0|28,00|||||\nVE|Ventes|493_44571000|20251108|44571000|\"TVA COLLECTEE 10%\"|||493|20251106|\"TVA à 10% collectée sur la vente des pizzas\"|0|90,27|||||\nREG|Règlements|493_53000000|20251108|53000000|\"REGLEMENTS ESPECES\"|||493|20251106|\"Règlements en espèces\"|135,50|0|||||\nREG|Règlements|493_58020000|20251108|58020000|\"REGLEMENTS CHEQUES\"|||493|20251106|\"Règlements en chèque\"|19,50|0|||||\nREG|Règlements|493_58030000|20251108|58030000|\"REGLEMENTS CARTES BLEUE\"|||493|20251106|\"Règlements en carte bleue\"|768,00|0|||||\nPAI|Paiements|493_63580000|20251108|63580000|\"PAIEMENT PLACAGES MARCHES\"|||493|20251106|\"Paiement de la place (marché ou autre stationnement)\"|0|70,00|||||\nVE|Ventes|493_70111000|20251108|70111000|\"VENTE DE PIZZAS 10% (HT)\"|||493|20251106|\"Vente de pizzas \"|0|902,73|||||\nGRA|\"Pizzas Gratuites\"|493_707130|20251108|707130|\"PIZZA GRATUITES\"|||493|20251106|\"Montant des pizzas gratuites\"|0|56,00|||||\nVE|Ventes|494_44570500|20251108|44570500|\"TVA COLLECTEE 5.50%\"|||494|20251107|\"TVA à 5.5% collectée sur la vente des extras\"|0|0,16|||||\nVE|Ventes|494_44571000|20251108|44571000|\"TVA COLLECTEE 10%\"|||494|20251107|\"TVA à 10% collectée sur la vente des pizzas\"|0|81,45|||||\nREG|Règlements|494_53000000|20251108|53000000|\"REGLEMENTS ESPECES\"|||494|20251107|\"Règlements en espèces\"|375,00|0|||||\nREG|Règlements|494_58020000|20251108|58020000|\"REGLEMENTS CHEQUES\"|||494|20251107|\"Règlements en chèque\"|116,00|0|||||\nREG|Règlements|494_58030000|20251108|58030000|\"REGLEMENTS CARTES BLEUE\"|||494|20251107|\"Règlements en carte bleue\"|408,00|0|||||\nVE|Ventes|494_70111000|20251108|70111000|\"VENTE DE PIZZAS 10% (HT)\"|||494|20251107|\"Vente de pizzas \"|0|814,55|||||\nVE|Ventes|494_70711000|20251108|70711000|\"VENTE DE BOISSONS 5.5% (HT)\"|||494|20251107|\"Vente de boissons\"|0|2,84|||||\nGRA|\"Pizzas Gratuites\"|494_707130|20251108|707130|\"PIZZA GRATUITES\"|||494|20251107|\"Montant des pizzas gratuites\"|0|126,00|||||\nVE|Ventes|495_44570500|20251113|44570500|\"TVA COLLECTEE 5.50%\"|||495|20251112|\"TVA à 5.5% collectée sur la vente des extras\"|0|0,21|||||\nVE|Ventes|495_44571000|20251113|44571000|\"TVA COLLECTEE 10%\"|||495|20251112|\"TVA à 10% collectée sur la vente des pizzas\"|0|36,45|||||\nREG|Règlements|495_53000000|20251113|53000000|\"REGLEMENTS ESPECES\"|||495|20251112|\"Règlements en espèces\"|235,00|0|||||\nREG|Règlements|495_58030000|20251113|58030000|\"REGLEMENTS CARTES BLEUE\"|||495|20251112|\"Règlements en carte bleue\"|170,00|0|||||\nVE|Ventes|495_70111000|20251113|70111000|\"VENTE DE PIZZAS 10% (HT)\"|||495|20251112|\"Vente de pizzas \"|0|364,55|||||\nVE|Ventes|495_70711000|20251113|70711000|\"VENTE DE BOISSONS 5.5% (HT)\"|||495|20251112|\"Vente de boissons\"|0|3,79|||||\nVE|Ventes|496_44570500|20251113|44570500|\"TVA COLLECTEE 5.50%\"|||496|20251112|\"TVA à 5.5% collectée sur la vente des extras\"|0|0,21|||||\nVE|Ventes|496_44571000|20251113|44571000|\"TVA COLLECTEE 10%\"|||496|20251112|\"TVA à 10% collectée sur la vente des pizzas\"|0|25,05|||||\nREG|Règlements|496_53000000|20251113|53000000|\"REGLEMENTS ESPECES\"|||496|20251112|\"Règlements en espèces\"|100,00|0|||||\nREG|Règlements|496_58030000|20251113|58030000|\"REGLEMENTS CARTES BLEUE\"|||496|20251112|\"Règlements en carte bleue\"|179,50|0|||||\nVE|Ventes|496_70111000|20251113|70111000|\"VENTE DE PIZZAS 10% (HT)\"|||496|20251112|\"Vente de pizzas \"|0|250,45|||||\nVE|Ventes|496_70711000|20251113|70711000|\"VENTE DE BOISSONS 5.5% (HT)\"|||496|20251112|\"Vente de boissons\"|0|3,79|||||\nVE|Ventes|497_44571000|20251116|44571000|\"TVA COLLECTEE 10%\"|||497|20251113|\"TVA à 10% collectée sur la vente des pizzas\"|0|93,82|||||\nREG|Règlements|497_53000000|20251116|53000000|\"REGLEMENTS ESPECES\"|||497|20251113|\"Règlements en espèces\"|422,50|0|||||\nREG|Règlements|497_58020000|20251116|58020000|\"REGLEMENTS CHEQUES\"|||497|20251113|\"Règlements en chèque\"|38,50|0|||||\nREG|Règlements|497_58030000|20251116|58030000|\"REGLEMENTS CARTES BLEUE\"|||497|20251113|\"Règlements en carte bleue\"|571,00|0|||||\nVE|Ventes|497_70111000|20251116|70111000|\"VENTE DE PIZZAS 10% (HT)\"|||497|20251113|\"Vente de pizzas \"|0|938,18|||||\nGRA|\"Pizzas Gratuites\"|497_707130|20251116|707130|\"PIZZA GRATUITES\"|||497|20251113|\"Montant des pizzas gratuites\"|0|126,00|||||\nVE|Ventes|498_44570500|20251116|44570500|\"TVA COLLECTEE 5.50%\"|||498|20251114|\"TVA à 5.5% collectée sur la vente des extras\"|0|0,21|||||\nVE|Ventes|498_44571000|20251116|44571000|\"TVA COLLECTEE 10%\"|||498|20251114|\"TVA à 10% collectée sur la vente des pizzas\"|0|79,64|||||\nREG|Règlements|498_53000000|20251116|53000000|\"REGLEMENTS ESPECES\"|||498|20251114|\"Règlements en espèces\"|295,50|0|||||\nREG|Règlements|498_58020000|20251116|58020000|\"REGLEMENTS CHEQUES\"|||498|20251114|\"Règlements en chèque\"|73,00|0|||||\nREG|Règlements|498_58030000|20251116|58030000|\"REGLEMENTS CARTES BLEUE\"|||498|20251114|\"Règlements en carte bleue\"|511,50|0|||||\nVE|Ventes|498_70111000|20251116|70111000|\"VENTE DE PIZZAS 10% (HT)\"|||498|20251114|\"Vente de pizzas \"|0|796,36|||||\nVE|Ventes|498_70711000|20251116|70711000|\"VENTE DE BOISSONS 5.5% (HT)\"|||498|20251114|\"Vente de boissons\"|0|3,79|||||\nGRA|\"Pizzas Gratuites\"|498_707130|20251116|707130|\"PIZZA GRATUITES\"|||498|20251114|\"Montant des pizzas gratuites\"|0|112,00|||||\nVE|Ventes|499_44571000|20251116|44571000|\"TVA COLLECTEE 10%\"|||499|20251115|\"TVA à 10% collectée sur la vente des pizzas\"|0|70,73|||||\nREG|Règlements|499_53000000|20251116|53000000|\"REGLEMENTS ESPECES\"|||499|20251115|\"Règlements en espèces\"|165,00|0|||||\nREG|Règlements|499_58020000|20251116|58020000|\"REGLEMENTS CHEQUES\"|||499|20251115|\"Règlements en chèque\"|100,50|0|||||\nREG|Règlements|499_58030000|20251116|58030000|\"REGLEMENTS CARTES BLEUE\"|||499|20251115|\"Règlements en carte bleue\"|512,50|0|||||\nVE|Ventes|499_70111000|20251116|70111000|\"VENTE DE PIZZAS 10% (HT)\"|||499|20251115|\"Vente de pizzas \"|0|707,27|||||\nGRA|\"Pizzas Gratuites\"|499_707130|20251116|707130|\"PIZZA GRATUITES\"|||499|20251115|\"Montant des pizzas gratuites\"|0|28,00|||||\nVE|Ventes|500_44571000|20251119|44571000|\"TVA COLLECTEE 10%\"|||500|20251118|\"TVA à 10% collectée sur la vente des pizzas\"|0|47,45|||||\nREG|Règlements|500_53000000|20251119|53000000|\"REGLEMENTS ESPECES\"|||500|20251118|\"Règlements en espèces\"|104,00|0|||||\nREG|Règlements|500_58030000|20251119|58030000|\"REGLEMENTS CARTES BLEUE\"|||500|20251118|\"Règlements en carte bleue\"|418,00|0|||||\nVE|Ventes|500_70111000|20251119|70111000|\"VENTE DE PIZZAS 10% (HT)\"|||500|20251118|\"Vente de pizzas \"|0|474,55|||||\nGRA|\"Pizzas Gratuites\"|500_707130|20251119|707130|\"PIZZA GRATUITES\"|||500|20251118|\"Montant des pizzas gratuites\"|0|84,00|||||\nVE|Ventes|501_44570500|20251119|44570500|\"TVA COLLECTEE 5.50%\"|||501|20251119|\"TVA à 5.5% collectée sur la vente des extras\"|0|0,31|||||\nVE|Ventes|501_44571000|20251119|44571000|\"TVA COLLECTEE 10%\"|||501|20251119|\"TVA à 10% collectée sur la vente des pizzas\"|0|37,59|||||\nREG|Règlements|501_53000000|20251119|53000000|\"REGLEMENTS ESPECES\"|||501|20251119|\"Règlements en espèces\"|210,00|0|||||\nREG|Règlements|501_58030000|20251119|58030000|\"REGLEMENTS CARTES BLEUE\"|||501|20251119|\"Règlements en carte bleue\"|210,00|0|||||\nVE|Ventes|501_70111000|20251119|70111000|\"VENTE DE PIZZAS 10% (HT)\"|||501|20251119|\"Vente de pizzas \"|0|375,91|||||\nVE|Ventes|501_70711000|20251119|70711000|\"VENTE DE BOISSONS 5.5% (HT)\"|||501|20251119|\"Vente de boissons\"|0|5,69|||||\nGRA|\"Pizzas Gratuites\"|501_707130|20251119|707130|\"PIZZA GRATUITES\"|||501|20251119|\"Montant des pizzas gratuites\"|0|14,00|||||\nVE|Ventes|502_44571000|20251123|44571000|\"TVA COLLECTEE 10%\"|||502|20251120|\"TVA à 10% collectée sur la vente des pizzas\"|0|90,00|||||\nREG|Règlements|502_53000000|20251123|53000000|\"REGLEMENTS ESPECES\"|||502|20251120|\"Règlements en espèces\"|290,00|0|||||\nREG|Règlements|502_58020000|20251123|58020000|\"REGLEMENTS CHEQUES\"|||502|20251120|\"Règlements en chèque\"|24,50|0|||||\nREG|Règlements|502_58030000|20251123|58030000|\"REGLEMENTS CARTES BLEUE\"|||502|20251120|\"Règlements en carte bleue\"|665,50|0|||||\nVE|Ventes|502_70111000|20251123|70111000|\"VENTE DE PIZZAS 10% (HT)\"|||502|20251120|\"Vente de pizzas \"|0|900,00|||||\nGRA|\"Pizzas Gratuites\"|502_707130|20251123|707130|\"PIZZA GRATUITES\"|||502|20251120|\"Montant des pizzas gratuites\"|0|112,00|||||\nPAI|Paiements|502_FDIVERS|20251123|FDIVERS|\"DEPENSES AUTRES\"|||502|20251120|\"Autres dépenses depuis la caisse\"|0|10,00|||||\nVE|Ventes|503_44571000|20251123|44571000|\"TVA COLLECTEE 10%\"|||503|20251121|\"TVA à 10% collectée sur la vente des pizzas\"|0|75,64|||||\nREG|Règlements|503_53000000|20251123|53000000|\"REGLEMENTS ESPECES\"|||503|20251121|\"Règlements en espèces\"|322,50|0|||||\nREG|Règlements|503_58020000|20251123|58020000|\"REGLEMENTS CHEQUES\"|||503|20251121|\"Règlements en chèque\"|112,00|0|||||\nREG|Règlements|503_58030000|20251123|58030000|\"REGLEMENTS CARTES BLEUE\"|||503|20251121|\"Règlements en carte bleue\"|397,50|0|||||\nVE|Ventes|503_70111000|20251123|70111000|\"VENTE DE PIZZAS 10% (HT)\"|||503|20251121|\"Vente de pizzas \"|0|756,36|||||\nGRA|\"Pizzas Gratuites\"|503_707130|20251123|707130|\"PIZZA GRATUITES\"|||503|20251121|\"Montant des pizzas gratuites\"|0|84,00|||||\nVE|Ventes|505_44570500|20251128|44570500|\"TVA COLLECTEE 5.50%\"|||505|20251126|\"TVA à 5.5% collectée sur la vente des extras\"|0|0,26|||||\nVE|Ventes|505_44571000|20251128|44571000|\"TVA COLLECTEE 10%\"|||505|20251126|\"TVA à 10% collectée sur la vente des pizzas\"|0|26,91|||||\nREG|Règlements|505_53000000|20251128|53000000|\"REGLEMENTS ESPECES\"|||505|20251126|\"Règlements en espèces\"|205,50|0|||||\nREG|Règlements|505_58030000|20251128|58030000|\"REGLEMENTS CARTES BLEUE\"|||505|20251126|\"Règlements en carte bleue\"|95,50|0|||||\nVE|Ventes|505_70111000|20251128|70111000|\"VENTE DE PIZZAS 10% (HT)\"|||505|20251126|\"Vente de pizzas \"|0|269,09|||||\nVE|Ventes|505_70711000|20251128|70711000|\"VENTE DE BOISSONS 5.5% (HT)\"|||505|20251126|\"Vente de boissons\"|0|4,74|||||\nVE|Ventes|506_44571000|20251128|44571000|\"TVA COLLECTEE 10%\"|||506|20251126|\"TVA à 10% collectée sur la vente des pizzas\"|0|24,86|||||\nREG|Règlements|506_53000000|20251128|53000000|\"REGLEMENTS ESPECES\"|||506|20251126|\"Règlements en espèces\"|76,00|0|||||\nREG|Règlements|506_58030000|20251128|58030000|\"REGLEMENTS CARTES BLEUE\"|||506|20251126|\"Règlements en carte bleue\"|197,50|0|||||\nVE|Ventes|506_70111000|20251128|70111000|\"VENTE DE PIZZAS 10% (HT)\"|||506|20251126|\"Vente de pizzas \"|0|248,64|||||\nVE|Ventes|507_44571000|20251128|44571000|\"TVA COLLECTEE 10%\"|||507|20251127|\"TVA à 10% collectée sur la vente des pizzas\"|0|97,05|||||\nREG|Règlements|507_53000000|20251128|53000000|\"REGLEMENTS ESPECES\"|||507|20251127|\"Règlements en espèces\"|140,00|0|||||\nREG|Règlements|507_58020000|20251128|58020000|\"REGLEMENTS CHEQUES\"|||507|20251127|\"Règlements en chèque\"|185,50|0|||||\nREG|Règlements|507_58030000|20251128|58030000|\"REGLEMENTS CARTES BLEUE\"|||507|20251127|\"Règlements en carte bleue\"|742,00|0|||||\nVE|Ventes|507_70111000|20251128|70111000|\"VENTE DE PIZZAS 10% (HT)\"|||507|20251127|\"Vente de pizzas \"|0|970,45|||||\nGRA|\"Pizzas Gratuites\"|507_707130|20251128|707130|\"PIZZA GRATUITES\"|||507|20251127|\"Montant des pizzas gratuites\"|0|98,00|||||\nVE|Ventes|511_44570500|20251204|44570500|\"TVA COLLECTEE 5.50%\"|||511|20251128|\"TVA à 5.5% collectée sur la vente des extras\"|0|0,05|||||\nVE|Ventes|511_44571000|20251204|44571000|\"TVA COLLECTEE 10%\"|||511|20251128|\"TVA à 10% collectée sur la vente des pizzas\"|0|74,82|||||\nREG|Règlements|511_53000000|20251204|53000000|\"REGLEMENTS ESPECES\"|||511|20251128|\"Règlements en espèces\"|215,00|0|||||\nREG|Règlements|511_58020000|20251204|58020000|\"REGLEMENTS CHEQUES\"|||511|20251128|\"Règlements en chèque\"|76,50|0|||||\nREG|Règlements|511_58030000|20251204|58030000|\"REGLEMENTS CARTES BLEUE\"|||511|20251128|\"Règlements en carte bleue\"|532,50|0|||||\nVE|Ventes|511_70111000|20251204|70111000|\"VENTE DE PIZZAS 10% (HT)\"|||511|20251128|\"Vente de pizzas \"|0|748,18|||||\nVE|Ventes|511_70711000|20251204|70711000|\"VENTE DE BOISSONS 5.5% (HT)\"|||511|20251128|\"Vente de boissons\"|0|0,95|||||\nGRA|\"Pizzas Gratuites\"|511_707130|20251204|707130|\"PIZZA GRATUITES\"|||511|20251128|\"Montant des pizzas gratuites\"|0|98,00|||||\n','2025','11','11'),(6,'2026-01-22 08:38:10','2026-01-22 08:38:10','2026-01-22 08:38:10','SASLOUJAC_898386693_recettes_20251212_1769074690.csv','JournalCode|JournalLib|EcritureNum|EcritureDate|CompteNum|CompteLib|CompAuxNum|CompAuxLib|PieceRef|PieceDate|EcritureLib|Debit|Credit|EcritureLet|DateLet|ValidDate|Montantdevise|Idevise\nVE|Ventes|508_44571000|20251204|44571000|\"TVA COLLECTEE 10%\"|||508|20251202|\"TVA à 10% collectée sur la vente des pizzas\"|0|57,32|||||\nREG|Règlements|508_53000000|20251204|53000000|\"REGLEMENTS ESPECES\"|||508|20251202|\"Règlements en espèces\"|121,50|0|||||\nREG|Règlements|508_58030000|20251204|58030000|\"REGLEMENTS CARTES BLEUE\"|||508|20251202|\"Règlements en carte bleue\"|509,00|0|||||\nVE|Ventes|508_70111000|20251204|70111000|\"VENTE DE PIZZAS 10% (HT)\"|||508|20251202|\"Vente de pizzas \"|0|573,18|||||\nGRA|\"Pizzas Gratuites\"|508_707130|20251204|707130|\"PIZZA GRATUITES\"|||508|20251202|\"Montant des pizzas gratuites\"|0|28,00|||||\nVE|Ventes|509_44571000|20251204|44571000|\"TVA COLLECTEE 10%\"|||509|20251202|\"TVA à 10% collectée sur la vente des pizzas\"|0|57,32|||||\nREG|Règlements|509_53000000|20251204|53000000|\"REGLEMENTS ESPECES\"|||509|20251202|\"Règlements en espèces\"|121,50|0|||||\nREG|Règlements|509_58030000|20251204|58030000|\"REGLEMENTS CARTES BLEUE\"|||509|20251202|\"Règlements en carte bleue\"|509,00|0|||||\nVE|Ventes|509_70111000|20251204|70111000|\"VENTE DE PIZZAS 10% (HT)\"|||509|20251202|\"Vente de pizzas \"|0|573,18|||||\nGRA|\"Pizzas Gratuites\"|509_707130|20251204|707130|\"PIZZA GRATUITES\"|||509|20251202|\"Montant des pizzas gratuites\"|0|28,00|||||\nVE|Ventes|510_44570500|20251204|44570500|\"TVA COLLECTEE 5.50%\"|||510|20251203|\"TVA à 5.5% collectée sur la vente des extras\"|0|0,21|||||\nVE|Ventes|510_44571000|20251204|44571000|\"TVA COLLECTEE 10%\"|||510|20251203|\"TVA à 10% collectée sur la vente des pizzas\"|0|16,91|||||\nREG|Règlements|510_53000000|20251204|53000000|\"REGLEMENTS ESPECES\"|||510|20251203|\"Règlements en espèces\"|65,50|0|||||\nREG|Règlements|510_58030000|20251204|58030000|\"REGLEMENTS CARTES BLEUE\"|||510|20251203|\"Règlements en carte bleue\"|124,50|0|||||\nVE|Ventes|510_70111000|20251204|70111000|\"VENTE DE PIZZAS 10% (HT)\"|||510|20251203|\"Vente de pizzas \"|0|169,09|||||\nVE|Ventes|510_70711000|20251204|70711000|\"VENTE DE BOISSONS 5.5% (HT)\"|||510|20251203|\"Vente de boissons\"|0|3,79|||||\nGRA|\"Pizzas Gratuites\"|510_707130|20251204|707130|\"PIZZA GRATUITES\"|||510|20251203|\"Montant des pizzas gratuites\"|0|14,00|||||\nVE|Ventes|513_44571000|20251206|44571000|\"TVA COLLECTEE 10%\"|||513|20251204|\"TVA à 10% collectée sur la vente des pizzas\"|0|85,36|||||\nREG|Règlements|513_53000000|20251206|53000000|\"REGLEMENTS ESPECES\"|||513|20251204|\"Règlements en espèces\"|197,50|0|||||\nREG|Règlements|513_58020000|20251206|58020000|\"REGLEMENTS CHEQUES\"|||513|20251204|\"Règlements en chèque\"|54,50|0|||||\nREG|Règlements|513_58030000|20251206|58030000|\"REGLEMENTS CARTES BLEUE\"|||513|20251204|\"Règlements en carte bleue\"|647,00|0|||||\nPAI|Paiements|513_63580000|20251206|63580000|\"PAIEMENT PLACAGES MARCHES\"|||513|20251204|\"Paiement de la place (marché ou autre stationnement)\"|0|40,00|||||\nVE|Ventes|513_70111000|20251206|70111000|\"VENTE DE PIZZAS 10% (HT)\"|||513|20251204|\"Vente de pizzas \"|0|853,64|||||\nGRA|\"Pizzas Gratuites\"|513_707130|20251206|707130|\"PIZZA GRATUITES\"|||513|20251204|\"Montant des pizzas gratuites\"|0|70,00|||||\nVE|Ventes|514_44571000|20251206|44571000|\"TVA COLLECTEE 10%\"|||514|20251205|\"TVA à 10% collectée sur la vente des pizzas\"|0|68,64|||||\nREG|Règlements|514_53000000|20251206|53000000|\"REGLEMENTS ESPECES\"|||514|20251205|\"Règlements en espèces\"|97,50|0|||||\nREG|Règlements|514_58020000|20251206|58020000|\"REGLEMENTS CHEQUES\"|||514|20251205|\"Règlements en chèque\"|41,50|0|||||\nREG|Règlements|514_58030000|20251206|58030000|\"REGLEMENTS CARTES BLEUE\"|||514|20251205|\"Règlements en carte bleue\"|616,00|0|||||\nVE|Ventes|514_70111000|20251206|70111000|\"VENTE DE PIZZAS 10% (HT)\"|||514|20251205|\"Vente de pizzas \"|0|686,36|||||\nGRA|\"Pizzas Gratuites\"|514_707130|20251206|707130|\"PIZZA GRATUITES\"|||514|20251205|\"Montant des pizzas gratuites\"|0|42,00|||||\nVE|Ventes|515_44571000|20251212|44571000|\"TVA COLLECTEE 10%\"|||515|20251209|\"TVA à 10% collectée sur la vente des pizzas\"|0|60,82|||||\nREG|Règlements|515_53000000|20251212|53000000|\"REGLEMENTS ESPECES\"|||515|20251209|\"Règlements en espèces\"|180,00|0|||||\nREG|Règlements|515_58030000|20251212|58030000|\"REGLEMENTS CARTES BLEUE\"|||515|20251209|\"Règlements en carte bleue\"|489,00|0|||||\nVE|Ventes|515_70111000|20251212|70111000|\"VENTE DE PIZZAS 10% (HT)\"|||515|20251209|\"Vente de pizzas \"|0|608,18|||||\nGRA|\"Pizzas Gratuites\"|515_707130|20251212|707130|\"PIZZA GRATUITES\"|||515|20251209|\"Montant des pizzas gratuites\"|0|27,50|||||\nVE|Ventes|516_44570500|20251212|44570500|\"TVA COLLECTEE 5.50%\"|||516|20251210|\"TVA à 5.5% collectée sur la vente des extras\"|0|0,21|||||\nVE|Ventes|516_44571000|20251212|44571000|\"TVA COLLECTEE 10%\"|||516|20251210|\"TVA à 10% collectée sur la vente des pizzas\"|0|36,77|||||\nREG|Règlements|516_53000000|20251212|53000000|\"REGLEMENTS ESPECES\"|||516|20251210|\"Règlements en espèces\"|200,00|0|||||\nREG|Règlements|516_58030000|20251212|58030000|\"REGLEMENTS CARTES BLEUE\"|||516|20251210|\"Règlements en carte bleue\"|208,50|0|||||\nVE|Ventes|516_70111000|20251212|70111000|\"VENTE DE PIZZAS 10% (HT)\"|||516|20251210|\"Vente de pizzas \"|0|367,73|||||\nVE|Ventes|516_70711000|20251212|70711000|\"VENTE DE BOISSONS 5.5% (HT)\"|||516|20251210|\"Vente de boissons\"|0|3,79|||||\nGRA|\"Pizzas Gratuites\"|516_707130|20251212|707130|\"PIZZA GRATUITES\"|||516|20251210|\"Montant des pizzas gratuites\"|0|461,00|||||\nVE|Ventes|517_44571000|20251212|44571000|\"TVA COLLECTEE 10%\"|||517|20251210|\"TVA à 10% collectée sur la vente des pizzas\"|0|45,95|||||\nREG|Règlements|517_53000000|20251212|53000000|\"REGLEMENTS ESPECES\"|||517|20251210|\"Règlements en espèces\"|256,50|0|||||\nREG|Règlements|517_58030000|20251212|58030000|\"REGLEMENTS CARTES BLEUE\"|||517|20251210|\"Règlements en carte bleue\"|249,00|0|||||\nVE|Ventes|517_70111000|20251212|70111000|\"VENTE DE PIZZAS 10% (HT)\"|||517|20251210|\"Vente de pizzas \"|0|459,55|||||\nGRA|\"Pizzas Gratuites\"|517_707130|20251212|707130|\"PIZZA GRATUITES\"|||517|20251210|\"Montant des pizzas gratuites\"|0|39,50|||||\nVE|Ventes|518_44571000|20251212|44571000|\"TVA COLLECTEE 10%\"|||518|20251211|\"TVA à 10% collectée sur la vente des pizzas\"|0|76,27|||||\nREG|Règlements|518_53000000|20251212|53000000|\"REGLEMENTS ESPECES\"|||518|20251211|\"Règlements en espèces\"|181,50|0|||||\nREG|Règlements|518_58020000|20251212|58020000|\"REGLEMENTS CHEQUES\"|||518|20251211|\"Règlements en chèque\"|42,00|0|||||\nREG|Règlements|518_58030000|20251212|58030000|\"REGLEMENTS CARTES BLEUE\"|||518|20251211|\"Règlements en carte bleue\"|615,50|0|||||\nVE|Ventes|518_70111000|20251212|70111000|\"VENTE DE PIZZAS 10% (HT)\"|||518|20251211|\"Vente de pizzas \"|0|762,73|||||\nGRA|\"Pizzas Gratuites\"|518_707130|20251212|707130|\"PIZZA GRATUITES\"|||518|20251211|\"Montant des pizzas gratuites\"|0|148,00|||||\nVE|Ventes|519_44570500|20251215|44570500|\"TVA COLLECTEE 5.50%\"|||519|20251212|\"TVA à 5.5% collectée sur la vente des extras\"|0|0,68|||||\nVE|Ventes|519_44571000|20251215|44571000|\"TVA COLLECTEE 10%\"|||519|20251212|\"TVA à 10% collectée sur la vente des pizzas\"|0|66,45|||||\nREG|Règlements|519_53000000|20251215|53000000|\"REGLEMENTS ESPECES\"|||519|20251212|\"Règlements en espèces\"|239,50|0|||||\nREG|Règlements|519_58020000|20251215|58020000|\"REGLEMENTS CHEQUES\"|||519|20251212|\"Règlements en chèque\"|69,50|0|||||\nREG|Règlements|519_58030000|20251215|58030000|\"REGLEMENTS CARTES BLEUE\"|||519|20251212|\"Règlements en carte bleue\"|435,00|0|||||\nVE|Ventes|519_70111000|20251215|70111000|\"VENTE DE PIZZAS 10% (HT)\"|||519|20251212|\"Vente de pizzas \"|0|664,55|||||\nVE|Ventes|519_70711000|20251215|70711000|\"VENTE DE BOISSONS 5.5% (HT)\"|||519|20251212|\"Vente de boissons\"|0|12,32|||||\nGRA|\"Pizzas Gratuites\"|519_707130|20251215|707130|\"PIZZA GRATUITES\"|||519|20251212|\"Montant des pizzas gratuites\"|0|37,00|||||\nVE|Ventes|520_44570500|20251215|44570500|\"TVA COLLECTEE 5.50%\"|||520|20251213|\"TVA à 5.5% collectée sur la vente des extras\"|0|0,10|||||\nVE|Ventes|520_44571000|20251215|44571000|\"TVA COLLECTEE 10%\"|||520|20251213|\"TVA à 10% collectée sur la vente des pizzas\"|0|60,82|||||\nREG|Règlements|520_53000000|20251215|53000000|\"REGLEMENTS ESPECES\"|||520|20251213|\"Règlements en espèces\"|117,50|0|||||\nREG|Règlements|520_58020000|20251215|58020000|\"REGLEMENTS CHEQUES\"|||520|20251213|\"Règlements en chèque\"|31,50|0|||||\nREG|Règlements|520_58030000|20251215|58030000|\"REGLEMENTS CARTES BLEUE\"|||520|20251213|\"Règlements en carte bleue\"|522,00|0|||||\nVE|Ventes|520_70111000|20251215|70111000|\"VENTE DE PIZZAS 10% (HT)\"|||520|20251213|\"Vente de pizzas \"|0|608,18|||||\nVE|Ventes|520_70711000|20251215|70711000|\"VENTE DE BOISSONS 5.5% (HT)\"|||520|20251213|\"Vente de boissons\"|0|1,90|||||\nGRA|\"Pizzas Gratuites\"|520_707130|20251215|707130|\"PIZZA GRATUITES\"|||520|20251213|\"Montant des pizzas gratuites\"|0|65,00|||||\nVE|Ventes|522_44570500|20251220|44570500|\"TVA COLLECTEE 5.50%\"|||522|20251216|\"TVA à 5.5% collectée sur la vente des extras\"|0|0,05|||||\nVE|Ventes|522_44571000|20251220|44571000|\"TVA COLLECTEE 10%\"|||522|20251216|\"TVA à 10% collectée sur la vente des pizzas\"|0|41,23|||||\nREG|Règlements|522_53000000|20251220|53000000|\"REGLEMENTS ESPECES\"|||522|20251216|\"Règlements en espèces\"|200,50|0|||||\nREG|Règlements|522_58030000|20251220|58030000|\"REGLEMENTS CARTES BLEUE\"|||522|20251216|\"Règlements en carte bleue\"|254,00|0|||||\nVE|Ventes|522_70111000|20251220|70111000|\"VENTE DE PIZZAS 10% (HT)\"|||522|20251216|\"Vente de pizzas \"|0|412,27|||||\nVE|Ventes|522_70711000|20251220|70711000|\"VENTE DE BOISSONS 5.5% (HT)\"|||522|20251216|\"Vente de boissons\"|0|0,95|||||\nGRA|\"Pizzas Gratuites\"|522_707130|20251220|707130|\"PIZZA GRATUITES\"|||522|20251216|\"Montant des pizzas gratuites\"|0|55,00|||||\nVE|Ventes|521_44570500|20251220|44570500|\"TVA COLLECTEE 5.50%\"|||521|20251217|\"TVA à 5.5% collectée sur la vente des extras\"|0|0,31|||||\nVE|Ventes|521_44571000|20251220|44571000|\"TVA COLLECTEE 10%\"|||521|20251217|\"TVA à 10% collectée sur la vente des pizzas\"|0|25,05|||||\nREG|Règlements|521_53000000|20251220|53000000|\"REGLEMENTS ESPECES\"|||521|20251217|\"Règlements en espèces\"|127,00|0|||||\nREG|Règlements|521_58020000|20251220|58020000|\"REGLEMENTS CHEQUES\"|||521|20251217|\"Règlements en chèque\"|24,00|0|||||\nREG|Règlements|521_58030000|20251220|58030000|\"REGLEMENTS CARTES BLEUE\"|||521|20251217|\"Règlements en carte bleue\"|130,50|0|||||\nVE|Ventes|521_70111000|20251220|70111000|\"VENTE DE PIZZAS 10% (HT)\"|||521|20251217|\"Vente de pizzas \"|0|250,45|||||\nVE|Ventes|521_70711000|20251220|70711000|\"VENTE DE BOISSONS 5.5% (HT)\"|||521|20251217|\"Vente de boissons\"|0|5,69|||||\nGRA|\"Pizzas Gratuites\"|521_707130|20251220|707130|\"PIZZA GRATUITES\"|||521|20251217|\"Montant des pizzas gratuites\"|0|11,00|||||\nVE|Ventes|523_44571000|20251220|44571000|\"TVA COLLECTEE 10%\"|||523|20251218|\"TVA à 10% collectée sur la vente des pizzas\"|0|86,27|||||\nREG|Règlements|523_53000000|20251220|53000000|\"REGLEMENTS ESPECES\"|||523|20251218|\"Règlements en espèces\"|160,50|0|||||\nREG|Règlements|523_58020000|20251220|58020000|\"REGLEMENTS CHEQUES\"|||523|20251218|\"Règlements en chèque\"|190,00|0|||||\nREG|Règlements|523_58030000|20251220|58030000|\"REGLEMENTS CARTES BLEUE\"|||523|20251218|\"Règlements en carte bleue\"|598,50|0|||||\nVE|Ventes|523_70111000|20251220|70111000|\"VENTE DE PIZZAS 10% (HT)\"|||523|20251218|\"Vente de pizzas \"|0|862,73|||||\nGRA|\"Pizzas Gratuites\"|523_707130|20251220|707130|\"PIZZA GRATUITES\"|||523|20251218|\"Montant des pizzas gratuites\"|0|27,00|||||\nVE|Ventes|524_44571000|20251220|44571000|\"TVA COLLECTEE 10%\"|||524|20251219|\"TVA à 10% collectée sur la vente des pizzas\"|0|51,18|||||\nREG|Règlements|524_53000000|20251220|53000000|\"REGLEMENTS ESPECES\"|||524|20251219|\"Règlements en espèces\"|158,50|0|||||\nREG|Règlements|524_58020000|20251220|58020000|\"REGLEMENTS CHEQUES\"|||524|20251219|\"Règlements en chèque\"|164,50|0|||||\nREG|Règlements|524_58030000|20251220|58030000|\"REGLEMENTS CARTES BLEUE\"|||524|20251219|\"Règlements en carte bleue\"|240,00|0|||||\nVE|Ventes|524_70111000|20251220|70111000|\"VENTE DE PIZZAS 10% (HT)\"|||524|20251219|\"Vente de pizzas \"|0|511,82|||||\nGRA|\"Pizzas Gratuites\"|524_707130|20251220|707130|\"PIZZA GRATUITES\"|||524|20251219|\"Montant des pizzas gratuites\"|0|39,50|||||\nVE|Ventes|504_44571000|20251128|44571000|\"TVA COLLECTEE 10%\"|||504|20251225|\"TVA à 10% collectée sur la vente des pizzas\"|0|67,59|||||\nREG|Règlements|504_53000000|20251128|53000000|\"REGLEMENTS ESPECES\"|||504|20251225|\"Règlements en espèces\"|100,00|0|||||\nREG|Règlements|504_58020000|20251128|58020000|\"REGLEMENTS CHEQUES\"|||504|20251225|\"Règlements en chèque\"|39,50|0|||||\nREG|Règlements|504_58030000|20251128|58030000|\"REGLEMENTS CARTES BLEUE\"|||504|20251225|\"Règlements en carte bleue\"|604,00|0|||||\nVE|Ventes|504_70111000|20251128|70111000|\"VENTE DE PIZZAS 10% (HT)\"|||504|20251225|\"Vente de pizzas \"|0|675,91|||||\nGRA|\"Pizzas Gratuites\"|504_707130|20251128|707130|\"PIZZA GRATUITES\"|||504|20251225|\"Montant des pizzas gratuites\"|0|42,00|||||\n','2025','12','12'),(7,'2026-03-23 16:37:19','2026-03-23 16:37:19','2026-03-23 16:37:19','SASLOUJAC_898386693_recettes_20260202_1774287439.csv','JournalCode|JournalLib|EcritureNum|EcritureDate|CompteNum|CompteLib|CompAuxNum|CompAuxLib|PieceRef|PieceDate|EcritureLib|Debit|Credit|EcritureLet|DateLet|ValidDate|Montantdevise|Idevise\nVE|Ventes|543_44570500|20260205|44570500|\"TVA COLLECTEE 5.50%\"|||543|20260203|\"TVA à 5.5% collectée sur la vente des extras\"|0|0,31|||||\nVE|Ventes|543_44571000|20260205|44571000|\"TVA COLLECTEE 10%\"|||543|20260203|\"TVA à 10% collectée sur la vente des pizzas\"|0|47,14|||||\nREG|Règlements|543_53000000|20260205|53000000|\"REGLEMENTS ESPECES\"|||543|20260203|\"Règlements en espèces\"|154,50|0|||||\nREG|Règlements|543_58030000|20260205|58030000|\"REGLEMENTS CARTES BLEUE\"|||543|20260203|\"Règlements en carte bleue\"|370,00|0|||||\nVE|Ventes|543_70111000|20260205|70111000|\"VENTE DE PIZZAS 10% (HT)\"|||543|20260203|\"Vente de pizzas \"|0|471,36|||||\nVE|Ventes|543_70711000|20260205|70711000|\"VENTE DE BOISSONS 5.5% (HT)\"|||543|20260203|\"Vente de boissons\"|0|5,69|||||\nGRA|\"Pizzas Gratuites\"|543_707130|20260205|707130|\"PIZZA GRATUITES\"|||543|20260203|\"Montant des pizzas gratuites\"|0|39,50|||||\nVE|Ventes|544_44571000|20260205|44571000|\"TVA COLLECTEE 10%\"|||544|20260204|\"TVA à 10% collectée sur la vente des pizzas\"|0|19,32|||||\nREG|Règlements|544_53000000|20260205|53000000|\"REGLEMENTS ESPECES\"|||544|20260204|\"Règlements en espèces\"|54,00|0|||||\nREG|Règlements|544_58020000|20260205|58020000|\"REGLEMENTS CHEQUES\"|||544|20260204|\"Règlements en chèque\"|22,00|0|||||\nREG|Règlements|544_58030000|20260205|58030000|\"REGLEMENTS CARTES BLEUE\"|||544|20260204|\"Règlements en carte bleue\"|136,50|0|||||\nVE|Ventes|544_70111000|20260205|70111000|\"VENTE DE PIZZAS 10% (HT)\"|||544|20260204|\"Vente de pizzas \"|0|193,18|||||\nVE|Ventes|545_44570500|20260205|44570500|\"TVA COLLECTEE 5.50%\"|||545|20260204|\"TVA à 5.5% collectée sur la vente des extras\"|0|0,10|||||\nVE|Ventes|545_44571000|20260205|44571000|\"TVA COLLECTEE 10%\"|||545|20260204|\"TVA à 10% collectée sur la vente des pizzas\"|0|34,32|||||\nREG|Règlements|545_53000000|20260205|53000000|\"REGLEMENTS ESPECES\"|||545|20260204|\"Règlements en espèces\"|55,00|0|||||\nREG|Règlements|545_58020000|20260205|58020000|\"REGLEMENTS CHEQUES\"|||545|20260204|\"Règlements en chèque\"|51,00|0|||||\nREG|Règlements|545_58030000|20260205|58030000|\"REGLEMENTS CARTES BLEUE\"|||545|20260204|\"Règlements en carte bleue\"|273,50|0|||||\nVE|Ventes|545_70111000|20260205|70111000|\"VENTE DE PIZZAS 10% (HT)\"|||545|20260204|\"Vente de pizzas \"|0|343,18|||||\nVE|Ventes|545_70711000|20260205|70711000|\"VENTE DE BOISSONS 5.5% (HT)\"|||545|20260204|\"Vente de boissons\"|0|1,90|||||\nGRA|\"Pizzas Gratuites\"|545_707130|20260205|707130|\"PIZZA GRATUITES\"|||545|20260204|\"Montant des pizzas gratuites\"|0|24,50|||||\nVE|Ventes|546_44571000|20260207|44571000|\"TVA COLLECTEE 10%\"|||546|20260205|\"TVA à 10% collectée sur la vente des pizzas\"|0|83,95|||||\nREG|Règlements|546_53000000|20260207|53000000|\"REGLEMENTS ESPECES\"|||546|20260205|\"Règlements en espèces\"|51,50|0|||||\nREG|Règlements|546_58020000|20260207|58020000|\"REGLEMENTS CHEQUES\"|||546|20260205|\"Règlements en chèque\"|119,00|0|||||\nREG|Règlements|546_58030000|20260207|58030000|\"REGLEMENTS CARTES BLEUE\"|||546|20260205|\"Règlements en carte bleue\"|753,00|0|||||\nVE|Ventes|546_70111000|20260207|70111000|\"VENTE DE PIZZAS 10% (HT)\"|||546|20260205|\"Vente de pizzas \"|0|839,55|||||\nGRA|\"Pizzas Gratuites\"|546_707130|20260207|707130|\"PIZZA GRATUITES\"|||546|20260205|\"Montant des pizzas gratuites\"|0|52,00|||||\nVE|Ventes|547_44570500|20260207|44570500|\"TVA COLLECTEE 5.50%\"|||547|20260206|\"TVA à 5.5% collectée sur la vente des extras\"|0|0,26|||||\nVE|Ventes|547_44571000|20260207|44571000|\"TVA COLLECTEE 10%\"|||547|20260206|\"TVA à 10% collectée sur la vente des pizzas\"|0|59,95|||||\nREG|Règlements|547_53000000|20260207|53000000|\"REGLEMENTS ESPECES\"|||547|20260206|\"Règlements en espèces\"|270,00|0|||||\nREG|Règlements|547_58020000|20260207|58020000|\"REGLEMENTS CHEQUES\"|||547|20260206|\"Règlements en chèque\"|39,00|0|||||\nREG|Règlements|547_58030000|20260207|58030000|\"REGLEMENTS CARTES BLEUE\"|||547|20260206|\"Règlements en carte bleue\"|355,50|0|||||\nVE|Ventes|547_70111000|20260207|70111000|\"VENTE DE PIZZAS 10% (HT)\"|||547|20260206|\"Vente de pizzas \"|0|599,55|||||\nVE|Ventes|547_70711000|20260207|70711000|\"VENTE DE BOISSONS 5.5% (HT)\"|||547|20260206|\"Vente de boissons\"|0|4,74|||||\nGRA|\"Pizzas Gratuites\"|547_707130|20260207|707130|\"PIZZA GRATUITES\"|||547|20260206|\"Montant des pizzas gratuites\"|0|63,00|||||\nVE|Ventes|550_44571000|20260211|44571000|\"TVA COLLECTEE 10%\"|||550|20260207|\"TVA à 10% collectée sur la vente des pizzas\"|0|76,50|||||\nREG|Règlements|550_53000000|20260211|53000000|\"REGLEMENTS ESPECES\"|||550|20260207|\"Règlements en espèces\"|205,00|0|||||\nREG|Règlements|550_58030000|20260211|58030000|\"REGLEMENTS CARTES BLEUE\"|||550|20260207|\"Règlements en carte bleue\"|636,50|0|||||\nVE|Ventes|550_70111000|20260211|70111000|\"VENTE DE PIZZAS 10% (HT)\"|||550|20260207|\"Vente de pizzas \"|0|765,00|||||\nGRA|\"Pizzas Gratuites\"|550_707130|20260211|707130|\"PIZZA GRATUITES\"|||550|20260207|\"Montant des pizzas gratuites\"|0|52,50|||||\nVE|Ventes|548_44571000|20260211|44571000|\"TVA COLLECTEE 10%\"|||548|20260210|\"TVA à 10% collectée sur la vente des pizzas\"|0|33,23|||||\nREG|Règlements|548_53000000|20260211|53000000|\"REGLEMENTS ESPECES\"|||548|20260210|\"Règlements en espèces\"|50,00|0|||||\nREG|Règlements|548_58030000|20260211|58030000|\"REGLEMENTS CARTES BLEUE\"|||548|20260210|\"Règlements en carte bleue\"|315,50|0|||||\nVE|Ventes|548_70111000|20260211|70111000|\"VENTE DE PIZZAS 10% (HT)\"|||548|20260210|\"Vente de pizzas \"|0|332,27|||||\nGRA|\"Pizzas Gratuites\"|548_707130|20260211|707130|\"PIZZA GRATUITES\"|||548|20260210|\"Montant des pizzas gratuites\"|0|42,00|||||\nVE|Ventes|549_44570500|20260211|44570500|\"TVA COLLECTEE 5.50%\"|||549|20260211|\"TVA à 5.5% collectée sur la vente des extras\"|0|0,10|||||\nVE|Ventes|549_44571000|20260211|44571000|\"TVA COLLECTEE 10%\"|||549|20260211|\"TVA à 10% collectée sur la vente des pizzas\"|0|17,77|||||\nREG|Règlements|549_53000000|20260211|53000000|\"REGLEMENTS ESPECES\"|||549|20260211|\"Règlements en espèces\"|60,00|0|||||\nREG|Règlements|549_58030000|20260211|58030000|\"REGLEMENTS CARTES BLEUE\"|||549|20260211|\"Règlements en carte bleue\"|137,50|0|||||\nVE|Ventes|549_70111000|20260211|70111000|\"VENTE DE PIZZAS 10% (HT)\"|||549|20260211|\"Vente de pizzas \"|0|177,73|||||\nVE|Ventes|549_70711000|20260211|70711000|\"VENTE DE BOISSONS 5.5% (HT)\"|||549|20260211|\"Vente de boissons\"|0|1,90|||||\nVE|Ventes|551_44570500|20260216|44570500|\"TVA COLLECTEE 5.50%\"|||551|20260212|\"TVA à 5.5% collectée sur la vente des extras\"|0|0,10|||||\nVE|Ventes|551_44571000|20260216|44571000|\"TVA COLLECTEE 10%\"|||551|20260212|\"TVA à 10% collectée sur la vente des pizzas\"|0|84,23|||||\nREG|Règlements|551_53000000|20260216|53000000|\"REGLEMENTS ESPECES\"|||551|20260212|\"Règlements en espèces\"|329,50|0|||||\nREG|Règlements|551_58020000|20260216|58020000|\"REGLEMENTS CHEQUES\"|||551|20260212|\"Règlements en chèque\"|46,50|0|||||\nREG|Règlements|551_58030000|20260216|58030000|\"REGLEMENTS CARTES BLEUE\"|||551|20260212|\"Règlements en carte bleue\"|552,50|0|||||\nVE|Ventes|551_70111000|20260216|70111000|\"VENTE DE PIZZAS 10% (HT)\"|||551|20260212|\"Vente de pizzas \"|0|842,27|||||\nVE|Ventes|551_70711000|20260216|70711000|\"VENTE DE BOISSONS 5.5% (HT)\"|||551|20260212|\"Vente de boissons\"|0|1,90|||||\nGRA|\"Pizzas Gratuites\"|551_707130|20260216|707130|\"PIZZA GRATUITES\"|||551|20260212|\"Montant des pizzas gratuites\"|0|98,00|||||\nVE|Ventes|552_44571000|20260216|44571000|\"TVA COLLECTEE 10%\"|||552|20260213|\"TVA à 10% collectée sur la vente des pizzas\"|0|66,50|||||\nREG|Règlements|552_53000000|20260216|53000000|\"REGLEMENTS ESPECES\"|||552|20260213|\"Règlements en espèces\"|515,50|0|||||\nREG|Règlements|552_58020000|20260216|58020000|\"REGLEMENTS CHEQUES\"|||552|20260213|\"Règlements en chèque\"|216,00|0|||||\nVE|Ventes|552_70111000|20260216|70111000|\"VENTE DE PIZZAS 10% (HT)\"|||552|20260213|\"Vente de pizzas \"|0|665,00|||||\nGRA|\"Pizzas Gratuites\"|552_707130|20260216|707130|\"PIZZA GRATUITES\"|||552|20260213|\"Montant des pizzas gratuites\"|0|12,00|||||\nVE|Ventes|554_44571000|20260219|44571000|\"TVA COLLECTEE 10%\"|||554|20260217|\"TVA à 10% collectée sur la vente des pizzas\"|0|47,68|||||\nREG|Règlements|554_53000000|20260219|53000000|\"REGLEMENTS ESPECES\"|||554|20260217|\"Règlements en espèces\"|210,00|0|||||\nREG|Règlements|554_58030000|20260219|58030000|\"REGLEMENTS CARTES BLEUE\"|||554|20260217|\"Règlements en carte bleue\"|314,50|0|||||\nVE|Ventes|554_70111000|20260219|70111000|\"VENTE DE PIZZAS 10% (HT)\"|||554|20260217|\"Vente de pizzas \"|0|476,82|||||\nGRA|\"Pizzas Gratuites\"|554_707130|20260219|707130|\"PIZZA GRATUITES\"|||554|20260217|\"Montant des pizzas gratuites\"|0|40,50|||||\nVE|Ventes|555_44570500|20260219|44570500|\"TVA COLLECTEE 5.50%\"|||555|20260218|\"TVA à 5.5% collectée sur la vente des extras\"|0|0,42|||||\nVE|Ventes|555_44571000|20260219|44571000|\"TVA COLLECTEE 10%\"|||555|20260218|\"TVA à 10% collectée sur la vente des pizzas\"|0|27,18|||||\nREG|Règlements|555_53000000|20260219|53000000|\"REGLEMENTS ESPECES\"|||555|20260218|\"Règlements en espèces\"|60,50|0|||||\nREG|Règlements|555_58020000|20260219|58020000|\"REGLEMENTS CHEQUES\"|||555|20260218|\"Règlements en chèque\"|24,00|0|||||\nREG|Règlements|555_58030000|20260219|58030000|\"REGLEMENTS CARTES BLEUE\"|||555|20260218|\"Règlements en carte bleue\"|222,50|0|||||\nVE|Ventes|555_70111000|20260219|70111000|\"VENTE DE PIZZAS 10% (HT)\"|||555|20260218|\"Vente de pizzas \"|0|271,82|||||\nVE|Ventes|555_70711000|20260219|70711000|\"VENTE DE BOISSONS 5.5% (HT)\"|||555|20260218|\"Vente de boissons\"|0|7,58|||||\nGRA|\"Pizzas Gratuites\"|555_707130|20260219|707130|\"PIZZA GRATUITES\"|||555|20260218|\"Montant des pizzas gratuites\"|0|34,50|||||\nVE|Ventes|556_44571000|20260219|44571000|\"TVA COLLECTEE 10%\"|||556|20260218|\"TVA à 10% collectée sur la vente des pizzas\"|0|28,45|||||\nREG|Règlements|556_53000000|20260219|53000000|\"REGLEMENTS ESPECES\"|||556|20260218|\"Règlements en espèces\"|30,50|0|||||\nREG|Règlements|556_58030000|20260219|58030000|\"REGLEMENTS CARTES BLEUE\"|||556|20260218|\"Règlements en carte bleue\"|282,50|0|||||\nVE|Ventes|556_70111000|20260219|70111000|\"VENTE DE PIZZAS 10% (HT)\"|||556|20260218|\"Vente de pizzas \"|0|284,55|||||\nVE|Ventes|557_44571000|20260220|44571000|\"TVA COLLECTEE 10%\"|||557|20260219|\"TVA à 10% collectée sur la vente des pizzas\"|0|92,77|||||\nREG|Règlements|557_53000000|20260220|53000000|\"REGLEMENTS ESPECES\"|||557|20260219|\"Règlements en espèces\"|311,00|0|||||\nREG|Règlements|557_58020000|20260220|58020000|\"REGLEMENTS CHEQUES\"|||557|20260219|\"Règlements en chèque\"|30,00|0|||||\nREG|Règlements|557_58030000|20260220|58030000|\"REGLEMENTS CARTES BLEUE\"|||557|20260219|\"Règlements en carte bleue\"|679,50|0|||||\nVE|Ventes|557_70111000|20260220|70111000|\"VENTE DE PIZZAS 10% (HT)\"|||557|20260219|\"Vente de pizzas \"|0|927,73|||||\nGRA|\"Pizzas Gratuites\"|557_707130|20260220|707130|\"PIZZA GRATUITES\"|||557|20260219|\"Montant des pizzas gratuites\"|0|109,00|||||\nVE|Ventes|558_44571000|20260223|44571000|\"TVA COLLECTEE 10%\"|||558|20260220|\"TVA à 10% collectée sur la vente des pizzas\"|0|88,82|||||\nREG|Règlements|558_53000000|20260223|53000000|\"REGLEMENTS ESPECES\"|||558|20260220|\"Règlements en espèces\"|270,00|0|||||\nREG|Règlements|558_58020000|20260223|58020000|\"REGLEMENTS CHEQUES\"|||558|20260220|\"Règlements en chèque\"|89,00|0|||||\nREG|Règlements|558_58030000|20260223|58030000|\"REGLEMENTS CARTES BLEUE\"|||558|20260220|\"Règlements en carte bleue\"|618,00|0|||||\nVE|Ventes|558_70111000|20260223|70111000|\"VENTE DE PIZZAS 10% (HT)\"|||558|20260220|\"Vente de pizzas \"|0|888,18|||||\nGRA|\"Pizzas Gratuites\"|558_707130|20260223|707130|\"PIZZA GRATUITES\"|||558|20260220|\"Montant des pizzas gratuites\"|0|81,50|||||\nVE|Ventes|559_44570500|20260226|44570500|\"TVA COLLECTEE 5.50%\"|||559|20260224|\"TVA à 5.5% collectée sur la vente des extras\"|0|0,10|||||\nVE|Ventes|559_44571000|20260226|44571000|\"TVA COLLECTEE 10%\"|||559|20260224|\"TVA à 10% collectée sur la vente des pizzas\"|0|44,73|||||\nREG|Règlements|559_53000000|20260226|53000000|\"REGLEMENTS ESPECES\"|||559|20260224|\"Règlements en espèces\"|50,00|0|||||\nREG|Règlements|559_58030000|20260226|58030000|\"REGLEMENTS CARTES BLEUE\"|||559|20260224|\"Règlements en carte bleue\"|444,00|0|||||\nVE|Ventes|559_70111000|20260226|70111000|\"VENTE DE PIZZAS 10% (HT)\"|||559|20260224|\"Vente de pizzas \"|0|447,27|||||\nVE|Ventes|559_70711000|20260226|70711000|\"VENTE DE BOISSONS 5.5% (HT)\"|||559|20260224|\"Vente de boissons\"|0|1,90|||||\nGRA|\"Pizzas Gratuites\"|559_707130|20260226|707130|\"PIZZA GRATUITES\"|||559|20260224|\"Montant des pizzas gratuites\"|0|55,50|||||\nVE|Ventes|560_44570500|20260226|44570500|\"TVA COLLECTEE 5.50%\"|||560|20260225|\"TVA à 5.5% collectée sur la vente des extras\"|0|0,21|||||\nVE|Ventes|560_44571000|20260226|44571000|\"TVA COLLECTEE 10%\"|||560|20260225|\"TVA à 10% collectée sur la vente des pizzas\"|0|22,05|||||\nREG|Règlements|560_53000000|20260226|53000000|\"REGLEMENTS ESPECES\"|||560|20260225|\"Règlements en espèces\"|119,00|0|||||\nREG|Règlements|560_58030000|20260226|58030000|\"REGLEMENTS CARTES BLEUE\"|||560|20260225|\"Règlements en carte bleue\"|127,50|0|||||\nVE|Ventes|560_70111000|20260226|70111000|\"VENTE DE PIZZAS 10% (HT)\"|||560|20260225|\"Vente de pizzas \"|0|220,45|||||\nVE|Ventes|560_70711000|20260226|70711000|\"VENTE DE BOISSONS 5.5% (HT)\"|||560|20260225|\"Vente de boissons\"|0|3,79|||||\nGRA|\"Pizzas Gratuites\"|560_707130|20260226|707130|\"PIZZA GRATUITES\"|||560|20260225|\"Montant des pizzas gratuites\"|0|23,00|||||\nVE|Ventes|561_44571000|20260227|44571000|\"TVA COLLECTEE 10%\"|||561|20260226|\"TVA à 10% collectée sur la vente des pizzas\"|0|94,14|||||\nREG|Règlements|561_53000000|20260227|53000000|\"REGLEMENTS ESPECES\"|||561|20260226|\"Règlements en espèces\"|275,50|0|||||\nREG|Règlements|561_58020000|20260227|58020000|\"REGLEMENTS CHEQUES\"|||561|20260226|\"Règlements en chèque\"|130,50|0|||||\nREG|Règlements|561_58030000|20260227|58030000|\"REGLEMENTS CARTES BLEUE\"|||561|20260226|\"Règlements en carte bleue\"|629,50|0|||||\nVE|Ventes|561_70111000|20260227|70111000|\"VENTE DE PIZZAS 10% (HT)\"|||561|20260226|\"Vente de pizzas \"|0|941,36|||||\nGRA|\"Pizzas Gratuites\"|561_707130|20260227|707130|\"PIZZA GRATUITES\"|||561|20260226|\"Montant des pizzas gratuites\"|0|52,00|||||\nVE|Ventes|562_44571000|20260228|44571000|\"TVA COLLECTEE 10%\"|||562|20260227|\"TVA à 10% collectée sur la vente des pizzas\"|0|72,05|||||\nREG|Règlements|562_53000000|20260228|53000000|\"REGLEMENTS ESPECES\"|||562|20260227|\"Règlements en espèces\"|73,00|0|||||\nREG|Règlements|562_58020000|20260228|58020000|\"REGLEMENTS CHEQUES\"|||562|20260227|\"Règlements en chèque\"|133,00|0|||||\nREG|Règlements|562_58030000|20260228|58030000|\"REGLEMENTS CARTES BLEUE\"|||562|20260227|\"Règlements en carte bleue\"|586,50|0|||||\nVE|Ventes|562_70111000|20260228|70111000|\"VENTE DE PIZZAS 10% (HT)\"|||562|20260227|\"Vente de pizzas \"|0|720,45|||||\nGRA|\"Pizzas Gratuites\"|562_707130|20260228|707130|\"PIZZA GRATUITES\"|||562|20260227|\"Montant des pizzas gratuites\"|0|70,50|||||\n','2026','02','02');

--
-- Table structure for table `pf_job_batches`
--

CREATE TABLE `pf_job_batches` (
  `id` varchar(255) CHARACTER SET utf8mb4 COLLATE utf8mb4_unicode_ci NOT NULL,
  `name` varchar(255) CHARACTER SET utf8mb4 COLLATE utf8mb4_unicode_ci NOT NULL,
  `total_jobs` int NOT NULL,
  `pending_jobs` int NOT NULL,
  `failed_jobs` int NOT NULL,
  `failed_job_ids` longtext CHARACTER SET utf8mb4 COLLATE utf8mb4_unicode_ci NOT NULL,
  `options` mediumtext CHARACTER SET utf8mb4 COLLATE utf8mb4_unicode_ci,
  `cancelled_at` int DEFAULT NULL,
  `created_at` int NOT NULL,
  `finished_at` int DEFAULT NULL,
  PRIMARY KEY (`id`)
) ENGINE=InnoDB DEFAULT CHARSET=utf8mb4 COLLATE=utf8mb4_unicode_ci;

--
-- Dumping data for table `pf_job_batches`
--


--
-- Table structure for table `pf_jobs`
--

CREATE TABLE `pf_jobs` (
  `id` bigint unsigned NOT NULL AUTO_INCREMENT,
  `queue` varchar(255) CHARACTER SET utf8mb4 COLLATE utf8mb4_unicode_ci NOT NULL,
  `payload` longtext CHARACTER SET utf8mb4 COLLATE utf8mb4_unicode_ci NOT NULL,
  `attempts` tinyint unsigned NOT NULL,
  `reserved_at` int unsigned DEFAULT NULL,
  `available_at` int unsigned NOT NULL,
  `created_at` int unsigned NOT NULL,
  PRIMARY KEY (`id`),
  KEY `jobs_queue_index` (`queue`)
) ENGINE=InnoDB DEFAULT CHARSET=utf8mb4 COLLATE=utf8mb4_unicode_ci;

--
-- Dumping data for table `pf_jobs`
--


--
-- Table structure for table `pf_migrations`
--

CREATE TABLE `pf_migrations` (
  `id` int unsigned NOT NULL AUTO_INCREMENT,
  `migration` varchar(255) CHARACTER SET utf8mb4 COLLATE utf8mb4_unicode_ci NOT NULL,
  `batch` int NOT NULL,
  PRIMARY KEY (`id`)
) ENGINE=InnoDB AUTO_INCREMENT=11 DEFAULT CHARSET=utf8mb4 COLLATE=utf8mb4_unicode_ci;

--
-- Dumping data for table `pf_migrations`
--

INSERT INTO `pf_migrations` VALUES (1,'0001_01_01_000000_create_users_table',1),(2,'0001_01_01_000001_create_cache_table',1),(3,'0001_01_01_000002_create_jobs_table',1),(7,'0002_01_01_000001_create_pizzas_table',2),(8,'0002_01_01_000002_create_structure_table',2),(9,'0002_01_01_000003_update_user_table',3),(10,'0002_01_01_000004_create_type_table',4);

--
-- Table structure for table `pf_pizzas`
--

CREATE TABLE `pf_pizzas` (
  `id` bigint unsigned NOT NULL AUTO_INCREMENT,
  `created_at` timestamp NULL DEFAULT NULL,
  `updated_at` timestamp NULL DEFAULT NULL,
  `nom` varchar(255) CHARACTER SET utf8mb4 COLLATE utf8mb4_unicode_ci NOT NULL,
  `ordre` int DEFAULT NULL,
  `notes` text CHARACTER SET utf8mb4 COLLATE utf8mb4_unicode_ci,
  PRIMARY KEY (`id`)
) ENGINE=InnoDB AUTO_INCREMENT=169 DEFAULT CHARSET=utf8mb4 COLLATE=utf8mb4_unicode_ci;

--
-- Dumping data for table `pf_pizzas`
--

INSERT INTO `pf_pizzas` VALUES (1,'2025-02-04 17:02:23','2025-03-02 21:44:58','MARGARITA',0,NULL),(2,'2025-02-04 17:02:23','2025-03-02 21:44:58','ALSACIENNE',1,NULL),(3,'2025-02-04 17:02:23','2025-03-02 21:44:58','ANCHOIS',2,NULL),(4,'2025-02-04 17:02:23','2025-02-21 16:43:25','JAMBON',3,NULL),(5,'2025-02-04 17:02:23','2025-02-21 16:43:25','ROMAINE',4,NULL),(6,'2025-02-04 17:02:23','2025-02-21 16:43:25','3 FROMAGES',5,NULL),(7,'2025-02-04 17:02:23','2025-02-21 16:43:25','CAMPAGNARDE',6,NULL),(8,'2025-02-04 17:02:23','2025-02-21 16:43:25','CLAQUOS',7,NULL),(9,'2025-02-04 17:02:23','2025-02-21 16:43:25','COIN-COIN',8,NULL),(10,'2025-02-04 17:02:23','2025-02-21 16:43:25','LANDAISE',9,NULL),(11,'2025-02-04 17:02:23','2025-02-21 16:43:25','MAYA',10,NULL),(12,'2025-02-04 17:02:23','2025-02-21 16:43:25','REINE',11,NULL),(13,'2025-02-04 17:02:23','2025-02-21 16:43:25','SOULETINE',12,NULL),(14,'2025-02-04 17:02:23','2025-02-21 16:43:25','CALZONE',13,NULL),(15,'2025-02-04 17:02:23','2025-02-21 16:43:25','BERGERE',14,NULL),(16,'2025-02-04 17:02:23','2025-02-21 16:43:25','SPECIALE',15,NULL),(17,'2025-02-04 17:02:23','2025-02-21 16:43:25','MONTAGNARDE',16,NULL),(18,'2025-02-04 17:02:23','2025-02-21 16:43:25','PERIGORD',17,NULL),(19,'2025-02-04 17:02:23','2025-02-21 16:43:25','TARTIFLETTE',18,NULL),(20,'2025-02-04 17:02:23','2025-02-21 16:43:25','ROYALE',19,NULL),(21,'2025-02-04 17:02:23','2025-02-21 16:43:25','MOMENT',20,NULL),(22,'2025-02-04 17:02:23','2025-02-21 16:43:25','GRATUITE',21,NULL);

--
-- Table structure for table `pf_prices`
--

CREATE TABLE `pf_prices` (
  `id` bigint unsigned NOT NULL AUTO_INCREMENT,
  `created_at` timestamp NULL DEFAULT NULL,
  `updated_at` timestamp NULL DEFAULT NULL,
  `montant_part` decimal(8,2) NOT NULL,
  `montant_pro` decimal(8,2) DEFAULT NULL,
  `type` enum('petite','moyenne','grande') CHARACTER SET utf8mb4 COLLATE utf8mb4_unicode_ci DEFAULT NULL,
  `notes` text CHARACTER SET utf8mb4 COLLATE utf8mb4_unicode_ci,
  `pizza_id` bigint unsigned DEFAULT NULL,
  `extra_id` bigint unsigned DEFAULT NULL,
  PRIMARY KEY (`id`),
  KEY `prices_pizza_id_foreign` (`pizza_id`),
  KEY `prices_extra_id_foreign` (`extra_id`),
  CONSTRAINT `prices_extra_id_foreign` FOREIGN KEY (`extra_id`) REFERENCES `pf_extras` (`id`) ON DELETE CASCADE,
  CONSTRAINT `prices_pizza_id_foreign` FOREIGN KEY (`pizza_id`) REFERENCES `pf_pizzas` (`id`) ON DELETE CASCADE
) ENGINE=InnoDB AUTO_INCREMENT=560 DEFAULT CHARSET=utf8mb4 COLLATE=utf8mb4_unicode_ci;

--
-- Dumping data for table `pf_prices`
--

INSERT INTO `pf_prices` VALUES (1,'2025-02-04 17:02:23','2025-02-05 09:57:12',7.00,12.00,'petite',NULL,1,NULL),(2,'2025-02-04 17:02:23','2025-02-05 09:57:12',8.00,NULL,'moyenne',NULL,1,NULL),(3,'2025-02-04 17:02:23','2025-02-05 09:57:12',9.00,NULL,'grande',NULL,1,NULL),(4,'2025-02-04 17:02:23','2025-02-04 17:02:23',8.00,NULL,'petite',NULL,2,NULL),(5,'2025-02-04 17:02:23','2025-02-04 17:02:23',10.00,NULL,'moyenne',NULL,2,NULL),(6,'2025-02-04 17:02:23','2025-02-04 17:02:23',12.00,NULL,'grande',NULL,2,NULL),(7,'2025-02-04 17:02:23','2025-02-04 17:02:23',8.00,NULL,'petite',NULL,3,NULL),(8,'2025-02-04 17:02:23','2025-02-04 17:02:23',10.00,NULL,'moyenne',NULL,3,NULL),(9,'2025-02-04 17:02:23','2025-02-04 17:02:23',12.00,NULL,'grande',NULL,3,NULL),(10,'2025-02-04 17:02:23','2025-02-27 15:47:41',8.00,NULL,'petite',NULL,4,NULL),(11,'2025-02-04 17:02:23','2025-02-27 15:47:41',10.00,NULL,'moyenne',NULL,4,NULL),(12,'2025-02-04 17:02:23','2025-02-27 15:47:41',12.00,NULL,'grande',NULL,4,NULL),(13,'2025-02-04 17:02:23','2025-02-04 17:02:23',8.00,NULL,'petite',NULL,5,NULL),(14,'2025-02-04 17:02:23','2025-02-04 17:02:23',10.00,NULL,'moyenne',NULL,5,NULL),(15,'2025-02-04 17:02:23','2025-02-04 17:02:23',12.00,NULL,'grande',NULL,5,NULL),(16,'2025-02-04 17:02:23','2025-02-04 17:02:23',8.50,NULL,'petite',NULL,6,NULL),(17,'2025-02-04 17:02:23','2025-02-04 17:02:23',10.50,NULL,'moyenne',NULL,6,NULL),(18,'2025-02-04 17:02:23','2025-02-04 17:02:23',12.50,NULL,'grande',NULL,6,NULL),(19,'2025-02-04 17:02:23','2025-02-04 17:02:23',8.50,NULL,'petite',NULL,7,NULL),(20,'2025-02-04 17:02:23','2025-02-04 17:02:23',10.50,NULL,'moyenne',NULL,7,NULL),(21,'2025-02-04 17:02:23','2025-02-04 17:02:23',12.50,NULL,'grande',NULL,7,NULL),(22,'2025-02-04 17:02:23','2025-02-04 17:02:23',8.50,NULL,'petite',NULL,8,NULL),(23,'2025-02-04 17:02:23','2025-02-04 17:02:23',10.50,NULL,'moyenne',NULL,8,NULL),(24,'2025-02-04 17:02:23','2025-02-04 17:02:23',12.50,NULL,'grande',NULL,8,NULL),(25,'2025-02-04 17:02:23','2025-02-04 17:02:23',8.50,NULL,'petite',NULL,9,NULL),(26,'2025-02-04 17:02:23','2025-02-04 17:02:23',10.50,NULL,'moyenne',NULL,9,NULL),(27,'2025-02-04 17:02:23','2025-02-04 17:02:23',12.50,NULL,'grande',NULL,9,NULL),(28,'2025-02-04 17:02:23','2025-02-04 17:02:23',8.50,NULL,'petite',NULL,10,NULL),(29,'2025-02-04 17:02:23','2025-02-04 17:02:23',10.50,NULL,'moyenne',NULL,10,NULL),(30,'2025-02-04 17:02:23','2025-02-04 17:02:23',12.50,NULL,'grande',NULL,10,NULL),(31,'2025-02-04 17:02:23','2025-02-04 17:02:23',8.50,NULL,'petite',NULL,11,NULL),(32,'2025-02-04 17:02:23','2025-02-04 17:02:23',10.50,NULL,'moyenne',NULL,11,NULL),(33,'2025-02-04 17:02:23','2025-02-04 17:02:23',12.50,NULL,'grande',NULL,11,NULL),(34,'2025-02-04 17:02:23','2025-02-04 17:02:23',8.50,NULL,'petite',NULL,12,NULL),(35,'2025-02-04 17:02:23','2025-02-04 17:02:23',10.50,NULL,'moyenne',NULL,12,NULL),(36,'2025-02-04 17:02:23','2025-02-04 17:02:23',12.50,NULL,'grande',NULL,12,NULL),(37,'2025-02-04 17:02:23','2025-02-04 17:02:23',8.50,NULL,'petite',NULL,13,NULL),(38,'2025-02-04 17:02:23','2025-02-04 17:02:23',10.50,NULL,'moyenne',NULL,13,NULL),(39,'2025-02-04 17:02:23','2025-02-04 17:02:23',12.50,NULL,'grande',NULL,13,NULL),(40,'2025-02-04 17:02:23','2025-02-04 17:02:23',11.00,NULL,'petite',NULL,14,NULL),(41,'2025-02-04 17:02:23','2025-02-04 17:02:23',11.00,NULL,'moyenne',NULL,14,NULL),(42,'2025-02-04 17:02:23','2025-02-04 17:02:23',11.00,NULL,'grande',NULL,14,NULL),(43,'2025-02-04 17:02:23','2025-02-04 17:02:23',9.00,NULL,'petite',NULL,15,NULL),(44,'2025-02-04 17:02:23','2025-02-04 17:02:23',11.00,NULL,'moyenne',NULL,15,NULL),(45,'2025-02-04 17:02:23','2025-02-04 17:02:23',13.00,NULL,'grande',NULL,15,NULL),(46,'2025-02-04 17:02:23','2025-02-04 17:02:23',9.00,NULL,'petite',NULL,16,NULL),(47,'2025-02-04 17:02:23','2025-02-04 17:02:23',11.00,NULL,'moyenne',NULL,16,NULL),(48,'2025-02-04 17:02:23','2025-02-04 17:02:23',13.00,NULL,'grande',NULL,16,NULL),(49,'2025-02-04 17:02:23','2025-02-04 17:02:23',9.50,NULL,'petite',NULL,17,NULL),(50,'2025-02-04 17:02:23','2025-02-04 17:02:23',11.50,NULL,'moyenne',NULL,17,NULL),(51,'2025-02-04 17:02:23','2025-02-04 17:02:23',13.50,NULL,'grande',NULL,17,NULL),(52,'2025-02-04 17:02:23','2025-02-04 17:02:23',9.50,NULL,'petite',NULL,18,NULL),(53,'2025-02-04 17:02:23','2025-02-04 17:02:23',11.50,NULL,'moyenne',NULL,18,NULL),(54,'2025-02-04 17:02:23','2025-02-04 17:02:23',13.50,NULL,'grande',NULL,18,NULL),(55,'2025-02-04 17:02:23','2025-02-04 17:02:23',9.50,NULL,'petite',NULL,19,NULL),(56,'2025-02-04 17:02:23','2025-02-04 17:02:23',11.50,NULL,'moyenne',NULL,19,NULL),(57,'2025-02-04 17:02:23','2025-02-04 17:02:23',13.50,NULL,'grande',NULL,19,NULL),(58,'2025-02-04 17:02:23','2025-02-04 17:02:23',10.00,NULL,'petite',NULL,20,NULL),(59,'2025-02-04 17:02:23','2025-02-04 17:02:23',12.00,NULL,'moyenne',NULL,20,NULL),(60,'2025-02-04 17:02:23','2025-02-04 17:02:23',14.00,NULL,'grande',NULL,20,NULL),(61,'2025-02-04 17:02:23','2025-02-04 17:02:23',9.00,NULL,'petite',NULL,21,NULL),(62,'2025-02-04 17:02:23','2025-02-04 17:02:23',11.00,NULL,'moyenne',NULL,21,NULL),(63,'2025-02-04 17:02:23','2025-02-04 17:02:23',13.00,NULL,'grande',NULL,21,NULL),(64,'2025-02-04 17:02:23','2025-02-04 17:02:23',14.00,NULL,'petite',NULL,22,NULL),(65,'2025-02-04 17:02:23','2025-02-04 17:02:23',14.00,NULL,'moyenne',NULL,22,NULL),(66,'2025-02-04 17:02:23','2025-02-04 17:02:23',14.00,NULL,'grande',NULL,22,NULL),(67,'2025-02-04 17:02:23','2025-02-04 20:54:27',1.00,1.00,NULL,NULL,NULL,1),(68,'2025-02-04 17:02:23','2025-02-04 17:02:23',2.00,2.00,NULL,NULL,NULL,2),(69,'2025-02-04 17:02:23','2025-02-04 17:02:23',3.00,2.50,NULL,NULL,NULL,3);

--
-- Table structure for table `pf_prices_colors`
--

CREATE TABLE `pf_prices_colors` (
  `id` bigint unsigned NOT NULL AUTO_INCREMENT,
  `price` decimal(8,2) NOT NULL,
  `color` varchar(10) CHARACTER SET utf8mb4 COLLATE utf8mb4_unicode_ci NOT NULL,
  PRIMARY KEY (`id`)
) ENGINE=InnoDB AUTO_INCREMENT=16 DEFAULT CHARSET=utf8mb4 COLLATE=utf8mb4_unicode_ci;

--
-- Dumping data for table `pf_prices_colors`
--

INSERT INTO `pf_prices_colors` VALUES (1,8.00,'#7543CF'),(2,9.00,'#69CDFF'),(3,10.00,'#7543CF'),(4,11.00,'#69CDFF'),(5,12.00,'#7543CF'),(6,14.00,'#7543CF'),(8,8.50,'#4BB100'),(9,9.50,'#FFFFFF'),(10,10.50,'#4BB100'),(11,12.50,'#4BB100'),(12,11.50,'#FFFFFF'),(13,13.00,'#69CDFF'),(14,13.50,'#FFFFFF'),(15,7.00,'#FFFFFF');

--
-- Table structure for table `pf_sessions`
--

CREATE TABLE `pf_sessions` (
  `id` varchar(255) CHARACTER SET utf8mb4 COLLATE utf8mb4_unicode_ci NOT NULL,
  `user_id` bigint unsigned DEFAULT NULL,
  `ip_address` varchar(45) CHARACTER SET utf8mb4 COLLATE utf8mb4_unicode_ci DEFAULT NULL,
  `user_agent` text CHARACTER SET utf8mb4 COLLATE utf8mb4_unicode_ci,
  `payload` longtext CHARACTER SET utf8mb4 COLLATE utf8mb4_unicode_ci NOT NULL,
  `last_activity` int NOT NULL,
  PRIMARY KEY (`id`),
  KEY `sessions_user_id_index` (`user_id`),
  KEY `sessions_last_activity_index` (`last_activity`)
) ENGINE=InnoDB DEFAULT CHARSET=utf8mb4 COLLATE=utf8mb4_unicode_ci;

--
-- Dumping data for table `pf_sessions`
--

INSERT INTO `pf_sessions` VALUES ('aBbUEqWncxzA0Wbi6tlWSCdwQjaTcr66db046YB4',NULL,'85.208.96.197','Mozilla/5.0 (compatible; SemrushBot/7~bl; +http://www.semrush.com/bot.html)','YTozOntzOjY6Il90b2tlbiI7czo0MDoiaTk2QUd1WUtHMXltcERBbGtDVk1OTzJpRFY1T2xyVXlwRld5TVZpZSI7czo5OiJfcHJldmlvdXMiO2E6MTp7czozOiJ1cmwiO3M6NTM6Imh0dHBzOi8vd3d3LnNhaXNpZS5waXp6YS1mcmFuY2lzLmZyL3B1YmxpYy9hdXRoL2xvZ2luIjt9czo2OiJfZmxhc2giO2E6Mjp7czozOiJvbGQiO2E6MDp7fXM6MzoibmV3IjthOjA6e319fQ==',1777543136),('bUaSuvttJitmW0eCth12QQxYjQU2AAoEWOhDxCUo',NULL,'185.177.72.60','Mozilla/5.0 (X11; Linux x86_64) AppleWebKit/537.36 (KHTML, like Gecko) Chrome/131.0.0.0 Safari/537.36','YTo0OntzOjY6Il90b2tlbiI7czo0MDoiOEtYcmZ6QmZLbEJvZzRXeFRNa2pFRU56bHZocEZvV2cxdkkxUjFBSyI7czozOiJ1cmwiO2E6MTp7czo4OiJpbnRlbmRlZCI7czozMToiaHR0cHM6Ly9zYWlzaWUucGl6emEtZnJhbmNpcy5mciI7fXM6OToiX3ByZXZpb3VzIjthOjE6e3M6MzoidXJsIjtzOjMxOiJodHRwczovL3NhaXNpZS5waXp6YS1mcmFuY2lzLmZyIjt9czo2OiJfZmxhc2giO2E6Mjp7czozOiJvbGQiO2E6MDp7fXM6MzoibmV3IjthOjA6e319fQ==',1777541881),('dqFpySPjMFCgqiqscSBXUWRPjtiMR5RIQU4z61ln',NULL,'64.23.129.2','Mozilla/5.0 (Macintosh; Intel Mac OS X 10_13_6) AppleWebKit/537.36 (KHTML, like Gecko) Chrome/74.0.3729.169 Safari/537.36','YTo0OntzOjY6Il90b2tlbiI7czo0MDoiOVprZ0pOZXJvRkxjTUVjbWl5OE1JSmxQS2VGN05TRE55Um4xYXZmSCI7czozOiJ1cmwiO2E6MTp7czo4OiJpbnRlbmRlZCI7czozMDoiaHR0cDovL3NhaXNpZS5waXp6YS1mcmFuY2lzLmZyIjt9czo5OiJfcHJldmlvdXMiO2E6MTp7czozOiJ1cmwiO3M6MzA6Imh0dHA6Ly9zYWlzaWUucGl6emEtZnJhbmNpcy5mciI7fXM6NjoiX2ZsYXNoIjthOjI6e3M6Mzoib2xkIjthOjA6e31zOjM6Im5ldyI7YTowOnt9fX0=',1777577519),('HflBFGdWDBrVmz6urcbdHt0awxg8YvdPiD5N9r2l',NULL,'185.177.72.60','Mozilla/5.0 (Windows NT 10.0; Win64; x64) AppleWebKit/537.36 (KHTML, like Gecko) Chrome/131.0.0.0 Safari/537.36','YTozOntzOjY6Il90b2tlbiI7czo0MDoiamJCTndqQlB0MnhnRUsxT3F2YlVSenJDek8xVWE0VGdTOVRVeTg3YSI7czo5OiJfcHJldmlvdXMiO2E6MTp7czozOiJ1cmwiO3M6NDI6Imh0dHBzOi8vc2Fpc2llLnBpenphLWZyYW5jaXMuZnIvYXV0aC9sb2dpbiI7fXM6NjoiX2ZsYXNoIjthOjI6e3M6Mzoib2xkIjthOjA6e31zOjM6Im5ldyI7YTowOnt9fX0=',1777541882),('k7IGrKx5MhZYKoY4X5kz2z993RrxUUSgAsEI988L',11,'2a04:800:74a0:1401:6952:f9d8:bce2:8369','Mozilla/5.0 (Windows NT 10.0; Win64; x64) AppleWebKit/537.36 (KHTML, like Gecko) Chrome/147.0.0.0 Safari/537.36','YTo1OntzOjY6Il90b2tlbiI7czo0MDoiNmRYRDF4a01lY2xRQjRmUjVFT0pqSEJXOFNaQWxZTnprbEQ1RUFBaSI7czozOiJ1cmwiO2E6MDp7fXM6OToiX3ByZXZpb3VzIjthOjE6e3M6MzoidXJsIjtzOjMxOiJodHRwczovL3NhaXNpZS5waXp6YS1mcmFuY2lzLmZyIjt9czo2OiJfZmxhc2giO2E6Mjp7czozOiJvbGQiO2E6MDp7fXM6MzoibmV3IjthOjA6e319czo1MDoibG9naW5fd2ViXzU5YmEzNmFkZGMyYjJmOTQwMTU4MGYwMTRjN2Y1OGVhNGUzMDk4OWQiO2k6MTE7fQ==',1777535590),('KiFN6bi4mRmcsgp6hSNbxbizg4yPk2fV5P9qyEcY',NULL,'2a04:800:74a0:1401:6952:f9d8:bce2:8369','Mozilla/5.0 (Windows NT 10.0; Win64; x64) AppleWebKit/537.36 (KHTML, like Gecko) Chrome/147.0.0.0 Safari/537.36','YTo0OntzOjY6Il90b2tlbiI7czo0MDoiUzF4alQxMjZvN3JTSXB3bXNTT2JNY0xpMG9pczV1eklteElDeHN4USI7czozOiJ1cmwiO2E6MTp7czo4OiJpbnRlbmRlZCI7czozMToiaHR0cHM6Ly9zYWlzaWUucGl6emEtZnJhbmNpcy5mciI7fXM6OToiX3ByZXZpb3VzIjthOjE6e3M6MzoidXJsIjtzOjMxOiJodHRwczovL3NhaXNpZS5waXp6YS1mcmFuY2lzLmZyIjt9czo2OiJfZmxhc2giO2E6Mjp7czozOiJvbGQiO2E6MDp7fXM6MzoibmV3IjthOjA6e319fQ==',1777533869),('Lm6PAyrvNgpZBlMThF8vPYAxEfrW9GfEWDjd20Lv',NULL,'85.208.96.212','Mozilla/5.0 (compatible; SemrushBot/7~bl; +http://www.semrush.com/bot.html)','YTo0OntzOjY6Il90b2tlbiI7czo0MDoibm9MUEYycVpBTndYRHA4NDA5Tkd6TDhrVkZVVnBTTmRXYVpRUm81MyI7czozOiJ1cmwiO2E6MTp7czo4OiJpbnRlbmRlZCI7czo0MjoiaHR0cHM6Ly93d3cuc2Fpc2llLnBpenphLWZyYW5jaXMuZnIvcHVibGljIjt9czo5OiJfcHJldmlvdXMiO2E6MTp7czozOiJ1cmwiO3M6NDI6Imh0dHBzOi8vd3d3LnNhaXNpZS5waXp6YS1mcmFuY2lzLmZyL3B1YmxpYyI7fXM6NjoiX2ZsYXNoIjthOjI6e3M6Mzoib2xkIjthOjA6e31zOjM6Im5ldyI7YTowOnt9fX0=',1777543134),('s7DONzDGqeYmMwmR4F6DqpHa4i97N4frDG9rbhma',NULL,'185.177.72.60','Mozilla/5.0 (X11; Linux x86_64) AppleWebKit/537.36 (KHTML, like Gecko) Chrome/131.0.0.0 Safari/537.36','YTozOntzOjY6Il90b2tlbiI7czo0MDoibmpZbW5sYjNsZFVVOHZuSnhod083Q2N3VnBGYlh1ME81TmY4Rk1URyI7czo5OiJfcHJldmlvdXMiO2E6MTp7czozOiJ1cmwiO3M6OTY6Imh0dHBzOi8vc2Fpc2llLnBpenphLWZyYW5jaXMuZnIvd3AtanNvbi9ncmF2aXR5c210cC92MS90ZXN0cy9tb2NrLWRhdGE/cGFnZT1ncmF2aXR5c210cC1zZXR0aW5ncyI7fXM6NjoiX2ZsYXNoIjthOjI6e3M6Mzoib2xkIjthOjA6e31zOjM6Im5ldyI7YTowOnt9fX0=',1777541881),('t0B7nd6V9DOlYdQ8YgcuH1TQDTt2ZLPJPYv6dsX1',NULL,'185.177.72.60','Mozilla/5.0 (Windows NT 10.0; Win64; x64) AppleWebKit/537.36 (KHTML, like Gecko) Chrome/131.0.0.0 Safari/537.36','YTo0OntzOjY6Il90b2tlbiI7czo0MDoiZlNmY3BETTVFdTRVM21KbFBuSlpCUDg0Wm04QmFGZUlCWXBNZk1yMiI7czozOiJ1cmwiO2E6MTp7czo4OiJpbnRlbmRlZCI7czozMToiaHR0cHM6Ly9zYWlzaWUucGl6emEtZnJhbmNpcy5mciI7fXM6OToiX3ByZXZpb3VzIjthOjE6e3M6MzoidXJsIjtzOjMxOiJodHRwczovL3NhaXNpZS5waXp6YS1mcmFuY2lzLmZyIjt9czo2OiJfZmxhc2giO2E6Mjp7czozOiJvbGQiO2E6MDp7fXM6MzoibmV3IjthOjA6e319fQ==',1777541882),('Y0NKgvcxkTlq8dW6fKutpKUkaqcgD584uPx611fV',NULL,'52.23.250.161','Mozilla/5.0 (X11; Linux x86_64) AppleWebKit/537.36 (KHTML, like Gecko) Chrome/145.0.0.0 Safari/537.36','YTo0OntzOjY6Il90b2tlbiI7czo0MDoiNUR4eWRtWXBiTVNaNlUzcW51bVkxZ0prRmtWMk1JWmhEbXh6Q1R0VCI7czozOiJ1cmwiO2E6MTp7czo4OiJpbnRlbmRlZCI7czozMToiaHR0cHM6Ly9zYWlzaWUucGl6emEtZnJhbmNpcy5mciI7fXM6OToiX3ByZXZpb3VzIjthOjE6e3M6MzoidXJsIjtzOjQyOiJodHRwczovL3NhaXNpZS5waXp6YS1mcmFuY2lzLmZyL2F1dGgvbG9naW4iO31zOjY6Il9mbGFzaCI7YToyOntzOjM6Im9sZCI7YTowOnt9czozOiJuZXciO2E6MDp7fX19',1777548376),('YI6nuCFGYVYvxpeAdXY9DzIezRGfgqfeG7UrJfCK',NULL,'185.177.72.60','Mozilla/5.0 (X11; Linux x86_64) AppleWebKit/537.36 (KHTML, like Gecko) Chrome/131.0.0.0 Safari/537.36','YTozOntzOjY6Il90b2tlbiI7czo0MDoiSWhJMDRrTGw2NXVYNEtOSEtQd2VCUVowWXlUQmw1eHhDajlabGhYeSI7czo5OiJfcHJldmlvdXMiO2E6MTp7czozOiJ1cmwiO3M6NDI6Imh0dHBzOi8vc2Fpc2llLnBpenphLWZyYW5jaXMuZnIvYXV0aC9sb2dpbiI7fXM6NjoiX2ZsYXNoIjthOjI6e3M6Mzoib2xkIjthOjA6e31zOjM6Im5ldyI7YTowOnt9fX0=',1777541881);

--
-- Table structure for table `pf_types`
--

CREATE TABLE `pf_types` (
  `id` bigint unsigned NOT NULL AUTO_INCREMENT,
  `nom` varchar(255) CHARACTER SET utf8mb4 COLLATE utf8mb4_unicode_ci NOT NULL,
  `notes` text CHARACTER SET utf8mb4 COLLATE utf8mb4_unicode_ci,
  PRIMARY KEY (`id`)
) ENGINE=InnoDB AUTO_INCREMENT=4 DEFAULT CHARSET=utf8mb4 COLLATE=utf8mb4_unicode_ci;

--
-- Dumping data for table `pf_types`
--

INSERT INTO `pf_types` VALUES (1,'Matin','Marché du matin'),(2,'Soir','Extérieur ou événement'),(3,'Prestation','Prestation. Journée entière ou évènement ponctuel');


